CRAN Package Check Results for Package polyRAD

Last updated on 2022-08-07 20:52:22 CEST.

Flavor Version Tinstall Tcheck Ttotal Status Flags
r-devel-linux-x86_64-debian-clang 1.6 87.38 147.63 235.01 OK
r-devel-linux-x86_64-debian-gcc 1.6 71.19 112.14 183.33 OK
r-devel-linux-x86_64-fedora-clang 1.6 352.02 NOTE
r-devel-linux-x86_64-fedora-gcc 1.6 301.09 OK
r-devel-windows-x86_64 1.6 116.00 201.00 317.00 NOTE
r-patched-linux-x86_64 1.6 75.46 140.47 215.93 OK
r-release-linux-x86_64 1.6 77.11 143.04 220.15 OK
r-release-macos-arm64 1.6 77.00 NOTE
r-release-macos-x86_64 1.6 111.00 NOTE
r-release-windows-x86_64 1.6 110.00 205.00 315.00 NOTE
r-oldrel-macos-arm64 1.6 68.00 NOTE
r-oldrel-macos-x86_64 1.6 103.00 NOTE
r-oldrel-windows-ix86+x86_64 1.6 207.00 218.00 425.00 NOTE

Check Details

Version: 1.6
Check: installed package size
Result: NOTE
     installed size is 6.9Mb
     sub-directories of 1Mb or more:
     extdata 2.8Mb
     libs 2.6Mb
Flavors: r-devel-linux-x86_64-fedora-clang, r-devel-windows-x86_64, r-release-macos-arm64, r-release-macos-x86_64, r-release-windows-x86_64, r-oldrel-macos-arm64, r-oldrel-macos-x86_64, r-oldrel-windows-ix86+x86_64

Version: 1.6
Check: Rd cross-references
Result: NOTE
    Undeclared packages ‘polymapR’, ‘BSgenome’ in Rd xrefs
Flavor: r-devel-linux-x86_64-fedora-clang

Version: 1.6
Check: package dependencies
Result: NOTE
    Packages suggested but not available for checking:
     'VariantAnnotation', 'GenomicFeatures'
Flavor: r-release-macos-arm64

Version: 1.6
Check: Rd cross-references
Result: NOTE
    Packages unavailable to check Rd xrefs: ‘BSgenome’, ‘GenomicFeatures’, ‘VariantAnnotation’
Flavor: r-release-macos-arm64