CRAN Package Check Results for Package poilog

Last updated on 2022-08-18 20:49:50 CEST.

Flavor Version Tinstall Tcheck Ttotal Status Flags
r-devel-linux-x86_64-debian-clang 0.4.1 2.88 33.28 36.16 NOTE
r-devel-linux-x86_64-debian-gcc 0.4.1 2.45 25.50 27.95 NOTE
r-devel-linux-x86_64-fedora-clang 0.4.1 55.76 NOTE
r-devel-linux-x86_64-fedora-gcc 0.4.1 57.04 NOTE
r-devel-windows-x86_64 0.4.1 18.00 68.00 86.00 OK
r-patched-linux-x86_64 0.4.1 2.85 32.13 34.98 OK
r-release-linux-x86_64 0.4.1 OK
r-release-macos-arm64 0.4.1 20.00 OK
r-release-macos-x86_64 0.4.1 27.00 OK
r-release-windows-x86_64 0.4.1 9.00 63.00 72.00 OK
r-oldrel-macos-arm64 0.4.1 19.00 OK
r-oldrel-macos-x86_64 0.4.1 25.00 OK
r-oldrel-windows-ix86+x86_64 0.4.1 7.00 81.00 88.00 OK

Check Details

Version: 0.4.1
Check: HTML version of manual
Result: NOTE
    Found the following math rendering problems:
    1dpoilog.Rd:31: Undefined control sequence: \emph in \code{nu}\,\emph{y}
Flavors: r-devel-linux-x86_64-debian-clang, r-devel-linux-x86_64-debian-gcc, r-devel-linux-x86_64-fedora-clang, r-devel-linux-x86_64-fedora-gcc

Version: 0.4.1
Check: compiled code
Result: NOTE
    File ‘poilog/libs/poilog.so’:
     Found no calls to: ‘R_registerRoutines’, ‘R_useDynamicSymbols’
    
    It is good practice to register native routines and to disable symbol
    search.
    
    See ‘Writing portable packages’ in the ‘Writing R Extensions’ manual.
Flavors: r-devel-linux-x86_64-fedora-clang, r-devel-linux-x86_64-fedora-gcc