CRAN Package Check Results for Package pmledecon

Last updated on 2024-02-21 19:53:23 CET.

Flavor Version Tinstall Tcheck Ttotal Status Flags
r-devel-linux-x86_64-debian-clang 0.2.1 NOTE
r-devel-linux-x86_64-debian-gcc 0.2.1 2.28 18.84 21.12 NOTE
r-devel-linux-x86_64-fedora-clang 0.2.1 33.39 OK
r-devel-linux-x86_64-fedora-gcc 0.2.1 31.97 OK
r-devel-windows-x86_64 0.2.1 3.00 40.00 43.00 OK
r-patched-linux-x86_64 0.2.1 3.29 24.25 27.54 OK
r-release-linux-x86_64 0.2.1 2.27 24.08 26.35 OK
r-release-macos-arm64 0.2.1 18.00 OK
r-release-macos-x86_64 0.2.1 19.00 OK
r-release-windows-x86_64 0.2.1 3.00 40.00 43.00 OK
r-oldrel-macos-arm64 0.2.1 15.00 OK
r-oldrel-windows-x86_64 0.2.1 4.00 42.00 46.00 OK

Check Details

Version: 0.2.1
Check: Rd files
Result: NOTE checkRd: (-1) pmledecon.Rd:113: Lost braces; missing escapes or markup? 113 | likelihood less than $10^{-10}$ are replaced by $10^{-10}$. | ^ checkRd: (-1) pmledecon.Rd:113: Lost braces; missing escapes or markup? 113 | likelihood less than $10^{-10}$ are replaced by $10^{-10}$. | ^ Flavors: r-devel-linux-x86_64-debian-clang, r-devel-linux-x86_64-debian-gcc