CRAN Package Check Results for Package plot.matrix

Last updated on 2023-01-28 08:00:42 CET.

Flavor Version Tinstall Tcheck Ttotal Status Flags
r-devel-linux-x86_64-debian-clang 1.6.2 2.66 50.72 53.38 OK
r-devel-linux-x86_64-debian-gcc 1.6.2 2.60 38.13 40.73 OK
r-devel-linux-x86_64-fedora-clang 1.6.2 66.73 NOTE
r-devel-linux-x86_64-fedora-gcc 1.6.2 75.51 OK
r-patched-linux-x86_64 1.6.2 3.94 48.86 52.80 OK
r-release-linux-x86_64 1.6.2 3.18 48.83 52.01 OK
r-release-macos-arm64 1.6.2 30.00 OK
r-release-macos-x86_64 1.6.2 43.00 OK
r-release-windows-x86_64 1.6.2 29.00 84.00 113.00 OK
r-oldrel-macos-arm64 1.6.2 32.00 OK
r-oldrel-macos-x86_64 1.6.2 38.00 OK
r-oldrel-windows-ix86+x86_64 1.6.2 8.00 73.00 81.00 OK

Check Details

Version: 1.6.2
Check: Rd cross-references
Result: NOTE
    Undeclared package ‘exams’ in Rd xrefs
Flavor: r-devel-linux-x86_64-fedora-clang