Last updated on 2023-06-02 20:56:33 CEST.
Flavor | Version | Tinstall | Tcheck | Ttotal | Status | Flags |
---|---|---|---|---|---|---|
r-devel-linux-x86_64-debian-clang | 2.0.7 | 9.66 | 158.85 | 168.51 | OK | |
r-devel-linux-x86_64-debian-gcc | 2.0.7 | 9.70 | 122.30 | 132.00 | OK | |
r-devel-linux-x86_64-fedora-clang | 2.0.7 | 212.25 | NOTE | |||
r-devel-linux-x86_64-fedora-gcc | 2.0.7 | 209.03 | OK | |||
r-devel-windows-x86_64 | 2.0.7 | 11.00 | 172.00 | 183.00 | OK | |
r-patched-linux-x86_64 | 2.0.7 | OK | ||||
r-release-linux-x86_64 | 2.0.7 | 8.80 | 154.24 | 163.04 | OK | |
r-release-macos-arm64 | 2.0.7 | 132.00 | OK | |||
r-release-macos-x86_64 | 2.0.7 | 142.00 | OK | |||
r-release-windows-x86_64 | 2.0.7 | 13.00 | 194.00 | 207.00 | OK | |
r-oldrel-macos-arm64 | 2.0.7 | 120.00 | OK | |||
r-oldrel-macos-x86_64 | 2.0.7 | 122.00 | OK | |||
r-oldrel-windows-x86_64 | 2.0.7 | 14.00 | 194.00 | 208.00 | OK |
Version: 2.0.7
Check: Rd cross-references
Result: NOTE
Undeclared package ‘usethis’ in Rd xrefs
Flavor: r-devel-linux-x86_64-fedora-clang