CRAN Package Check Results for Package phylocanvas

Last updated on 2023-03-28 08:54:58 CEST.

Flavor Version Tinstall Tcheck Ttotal Status Flags
r-devel-linux-x86_64-debian-clang 0.1.3 8.41 91.41 99.82 NOTE
r-devel-linux-x86_64-debian-gcc 0.1.3 8.20 68.01 76.21 NOTE
r-devel-linux-x86_64-fedora-clang 0.1.3 126.50 NOTE
r-devel-linux-x86_64-fedora-gcc 0.1.3 130.48 NOTE
r-patched-linux-x86_64 0.1.3 8.91 84.26 93.17 NOTE
r-release-linux-x86_64 0.1.3 6.80 86.52 93.32 NOTE
r-release-macos-arm64 0.1.3 36.00 NOTE
r-release-macos-x86_64 0.1.3 61.00 NOTE
r-release-windows-x86_64 0.1.3 49.00 117.00 166.00 NOTE
r-oldrel-macos-arm64 0.1.3 113.00 NOTE
r-oldrel-macos-x86_64 0.1.3 61.00 NOTE
r-oldrel-windows-ix86+x86_64 0.1.3 24.00 113.00 137.00 NOTE

Check Details

Version: 0.1.3
Check: LazyData
Result: NOTE
     'LazyData' is specified without a 'data' directory
Flavors: r-devel-linux-x86_64-debian-clang, r-devel-linux-x86_64-debian-gcc, r-devel-linux-x86_64-fedora-clang, r-devel-linux-x86_64-fedora-gcc, r-patched-linux-x86_64, r-release-linux-x86_64, r-release-macos-arm64, r-release-macos-x86_64, r-release-windows-x86_64, r-oldrel-macos-arm64, r-oldrel-macos-x86_64, r-oldrel-windows-ix86+x86_64