Last updated on 2023-12-01 07:50:14 CET.
Flavor | Version | Tinstall | Tcheck | Ttotal | Status | Flags |
---|---|---|---|---|---|---|
r-devel-linux-x86_64-debian-clang | 0.3.8 | 84.85 | 244.44 | 329.29 | NOTE | |
r-devel-linux-x86_64-debian-gcc | 0.3.8 | 59.86 | 210.27 | 270.13 | NOTE | |
r-devel-linux-x86_64-fedora-clang | 0.3.8 | 431.25 | NOTE | |||
r-devel-linux-x86_64-fedora-gcc | 0.3.8 | 425.26 | NOTE | |||
r-devel-windows-x86_64 | 0.3.8 | 64.00 | 284.00 | 348.00 | NOTE | |
r-patched-linux-x86_64 | 0.3.8 | 55.03 | 226.11 | 281.14 | OK | |
r-release-linux-x86_64 | 0.3.8 | 50.23 | 226.57 | 276.80 | OK | |
r-release-macos-arm64 | 0.3.8 | 106.00 | OK | |||
r-release-macos-x86_64 | 0.3.8 | 180.00 | NOTE | |||
r-release-windows-x86_64 | 0.3.8 | 89.00 | 330.00 | 419.00 | OK | |
r-oldrel-macos-arm64 | 0.3.8 | 91.00 | OK | |||
r-oldrel-macos-x86_64 | 0.3.8 | 133.00 | OK | |||
r-oldrel-windows-x86_64 | 0.3.8 | 82.00 | 295.00 | 377.00 | OK |
Version: 0.3.8
Check: Rd \usage sections
Result: NOTE
Documented arguments not in \usage in Rd file 'process_season.Rd':
‘d’ ‘options_season’
Functions with \usage entries need to have the appropriate \alias
entries, and all their arguments documented.
The \usage entries must correspond to syntactically valid R code.
See chapter ‘Writing R documentation files’ in the ‘Writing R
Extensions’ manual.
Flavors: r-devel-linux-x86_64-debian-clang, r-devel-linux-x86_64-debian-gcc, r-devel-linux-x86_64-fedora-clang, r-devel-linux-x86_64-fedora-gcc, r-devel-windows-x86_64
Version: 0.3.8
Check: package dependencies
Result: NOTE
Package suggested but not available for checking: ‘spam’
Flavor: r-release-macos-x86_64