Last updated on 2023-06-02 20:56:33 CEST.
Flavor | Version | Tinstall | Tcheck | Ttotal | Status | Flags |
---|---|---|---|---|---|---|
r-devel-linux-x86_64-debian-clang | 2.11.1 | 65.90 | 472.07 | 537.97 | NOTE | |
r-devel-linux-x86_64-debian-gcc | 2.11.1 | 58.42 | 352.68 | 411.10 | NOTE | |
r-devel-linux-x86_64-fedora-clang | 2.11.1 | 671.28 | NOTE | |||
r-devel-linux-x86_64-fedora-gcc | 2.11.1 | 660.52 | NOTE | |||
r-devel-windows-x86_64 | 2.11.1 | 58.00 | 359.00 | 417.00 | NOTE | |
r-patched-linux-x86_64 | 2.11.1 | NOTE | ||||
r-release-linux-x86_64 | 2.11.1 | 58.02 | 450.72 | 508.74 | NOTE | |
r-release-macos-arm64 | 2.11.1 | 199.00 | NOTE | |||
r-release-macos-x86_64 | 2.11.1 | 324.00 | NOTE | |||
r-release-windows-x86_64 | 2.11.1 | 74.00 | 458.00 | 532.00 | NOTE | |
r-oldrel-macos-arm64 | 2.11.1 | 176.00 | NOTE | |||
r-oldrel-macos-x86_64 | 2.11.1 | 219.00 | NOTE | |||
r-oldrel-windows-x86_64 | 2.11.1 | 74.00 | 445.00 | 519.00 | NOTE |
Version: 2.11.1
Check: C++ specification
Result: NOTE
Specified C++11: please drop specification unless essential
Flavors: r-devel-linux-x86_64-debian-clang, r-devel-linux-x86_64-debian-gcc, r-devel-linux-x86_64-fedora-clang, r-devel-linux-x86_64-fedora-gcc, r-devel-windows-x86_64, r-patched-linux-x86_64, r-release-linux-x86_64, r-release-macos-arm64, r-release-macos-x86_64, r-release-windows-x86_64
Version: 2.11.1
Check: installed package size
Result: NOTE
installed size is 5.2Mb
sub-directories of 1Mb or more:
doc 1.5Mb
libs 1.3Mb
Flavors: r-devel-windows-x86_64, r-release-macos-arm64, r-release-macos-x86_64, r-release-windows-x86_64, r-oldrel-macos-arm64, r-oldrel-macos-x86_64, r-oldrel-windows-x86_64
Version: 2.11.1
Check: package dependencies
Result: NOTE
Package suggested but not available for checking: ‘seqLogo’
Flavor: r-release-macos-arm64
Version: 2.11.1
Check: package dependencies
Result: NOTE
Packages suggested but not available for checking: 'Biostrings', 'seqLogo'
Flavor: r-release-macos-x86_64