CRAN Package Check Results for Package phacking

Last updated on 2022-12-03 07:56:43 CET.

Flavor Version Tinstall Tcheck Ttotal Status Flags
r-devel-linux-x86_64-debian-clang 0.0.1 120.42 141.99 262.41 NOTE
r-devel-linux-x86_64-debian-gcc 0.0.1 109.45 113.96 223.41 NOTE
r-devel-linux-x86_64-fedora-clang 0.0.1 341.00 NOTE
r-devel-linux-x86_64-fedora-gcc 0.0.1 381.64 NOTE
r-devel-windows-x86_64 0.0.1 100.00 202.00 302.00 NOTE
r-patched-linux-x86_64 0.0.1 113.35 127.29 240.64 NOTE
r-release-linux-x86_64 0.0.1 116.78 153.40 270.18 NOTE
r-release-macos-arm64 0.0.1 98.00 NOTE
r-release-macos-x86_64 0.0.1 130.00 NOTE
r-release-windows-x86_64 0.0.1 105.00 208.00 313.00 NOTE
r-oldrel-macos-arm64 0.0.1 93.00 NOTE
r-oldrel-macos-x86_64 0.0.1 135.00 NOTE
r-oldrel-windows-ix86+x86_64 0.0.1 298.00 324.00 622.00 NOTE

Check Details

Version: 0.0.1
Check: for GNU extensions in Makefiles
Result: NOTE
    GNU make is a SystemRequirements.
Flavors: r-devel-linux-x86_64-debian-clang, r-devel-linux-x86_64-debian-gcc, r-devel-linux-x86_64-fedora-clang, r-devel-linux-x86_64-fedora-gcc, r-devel-windows-x86_64, r-patched-linux-x86_64, r-release-linux-x86_64, r-release-macos-arm64, r-release-macos-x86_64, r-release-windows-x86_64, r-oldrel-macos-arm64, r-oldrel-macos-x86_64, r-oldrel-windows-ix86+x86_64

Version: 0.0.1
Check: dependencies in R code
Result: NOTE
    Namespaces in Imports field not imported from:
     ‘RcppParallel’ ‘rstantools’
     All declared Imports should be used.
Flavors: r-devel-linux-x86_64-fedora-clang, r-devel-linux-x86_64-fedora-gcc, r-release-macos-arm64, r-release-macos-x86_64, r-oldrel-macos-arm64, r-oldrel-macos-x86_64

Version: 0.0.1
Check: installed package size
Result: NOTE
     installed size is 33.3Mb
     sub-directories of 1Mb or more:
     libs 33.1Mb
Flavors: r-release-macos-arm64, r-release-macos-x86_64, r-oldrel-macos-arm64, r-oldrel-macos-x86_64