CRAN Package Check Results for Package pequod

Last updated on 2024-02-23 07:52:16 CET.

Flavor Version Tinstall Tcheck Ttotal Status Flags
r-devel-linux-x86_64-debian-clang 0.0-5 NOTE
r-devel-linux-x86_64-debian-gcc 0.0-5 6.04 41.87 47.91 NOTE
r-devel-linux-x86_64-fedora-clang 0.0-5 76.79 NOTE
r-devel-linux-x86_64-fedora-gcc 0.0-5 73.65 NOTE
r-devel-windows-x86_64 0.0-5 7.00 65.00 72.00 NOTE
r-patched-linux-x86_64 0.0-5 6.42 52.89 59.31 OK
r-release-linux-x86_64 0.0-5 5.10 53.02 58.12 OK
r-release-macos-arm64 0.0-5 29.00 OK
r-release-macos-x86_64 0.0-5 37.00 OK
r-release-windows-x86_64 0.0-5 10.00 67.00 77.00 OK
r-oldrel-macos-arm64 0.0-5 27.00 OK
r-oldrel-windows-x86_64 0.0-5 10.00 75.00 85.00 OK

Check Details

Version: 0.0-5
Check: Rd contents
Result: NOTE Argument items with no description in Rd file 'lmres.Rd': ‘\dots’ Argument items with no description in Rd file 'simpleSlope.Rd': ‘\dots’ Argument items with no description in Rd file 'summary.lmres.Rd': ‘\dots’ Flavors: r-devel-linux-x86_64-debian-clang, r-devel-linux-x86_64-debian-gcc, r-devel-linux-x86_64-fedora-clang, r-devel-linux-x86_64-fedora-gcc, r-devel-windows-x86_64