CRAN Package Check Results for Package pencal

Last updated on 2022-11-29 06:50:54 CET.

Flavor Version Tinstall Tcheck Ttotal Status Flags
r-devel-linux-x86_64-debian-clang 1.2.2 12.82 136.04 148.86 OK
r-devel-linux-x86_64-debian-gcc 1.2.2 10.11 101.42 111.53 OK
r-devel-linux-x86_64-fedora-clang 1.2.2 195.82 OK
r-devel-linux-x86_64-fedora-gcc 1.2.2 190.22 OK
r-devel-windows-x86_64 1.2.2 27.00 284.00 311.00 OK
r-patched-linux-x86_64 1.2.2 16.99 125.68 142.67 OK
r-release-linux-x86_64 1.2.2 12.95 129.97 142.92 OK
r-release-macos-arm64 1.2.2 56.00 ERROR
r-release-macos-x86_64 1.2.2 83.00 ERROR
r-release-windows-x86_64 1.2.2 26.00 294.00 320.00 OK
r-oldrel-macos-arm64 1.2.2 68.00 WARN
r-oldrel-macos-x86_64 1.2.2 82.00 WARN
r-oldrel-windows-ix86+x86_64 1.2.2 34.00 278.00 312.00 OK

Check Details

Version: 1.2.2
Check: package dependencies
Result: NOTE
    Package suggested but not available for checking: ‘ptmixed’
Flavors: r-release-macos-arm64, r-release-macos-x86_64, r-oldrel-macos-arm64, r-oldrel-macos-x86_64

Version: 1.2.2
Check: re-building of vignette outputs
Result: ERROR
    Error(s) in re-building vignettes:
     ...
    --- re-building ‘pencal-vignette.Rmd’ using rmarkdown
    Quitting from lines 158-167 (pencal-vignette.Rmd)
    Error: processing vignette 'pencal-vignette.Rmd' failed with diagnostics:
    there is no package called 'ptmixed'
    --- failed re-building ‘pencal-vignette.Rmd’
    
    SUMMARY: processing the following file failed:
     ‘pencal-vignette.Rmd’
    
    Error: Vignette re-building failed.
    Execution halted
Flavors: r-release-macos-arm64, r-release-macos-x86_64

Version: 1.2.2
Check: re-building of vignette outputs
Result: WARN
    Error(s) in re-building vignettes:
     ...
    --- re-building ‘pencal-vignette.Rmd’ using rmarkdown
    Quitting from lines 158-167 (pencal-vignette.Rmd)
    Error: processing vignette 'pencal-vignette.Rmd' failed with diagnostics:
    there is no package called 'ptmixed'
    --- failed re-building ‘pencal-vignette.Rmd’
    
    SUMMARY: processing the following file failed:
     ‘pencal-vignette.Rmd’
    
    Error: Vignette re-building failed.
    Execution halted
Flavors: r-oldrel-macos-arm64, r-oldrel-macos-x86_64