CRAN Package Check Results for Package pbkrtest

Last updated on 2022-10-05 20:55:07 CEST.

Flavor Version Tinstall Tcheck Ttotal Status Flags
r-devel-linux-x86_64-debian-clang 0.5.1 16.37 210.60 226.97 OK
r-devel-linux-x86_64-debian-gcc 0.5.1 12.81 152.68 165.49 OK
r-devel-linux-x86_64-fedora-clang 0.5.1 277.21 NOTE
r-devel-linux-x86_64-fedora-gcc 0.5.1 260.74 NOTE
r-devel-windows-x86_64 0.5.1 24.00 223.00 247.00 OK
r-patched-linux-x86_64 0.5.1 18.10 191.98 210.08 OK
r-release-linux-x86_64 0.5.1 11.30 192.68 203.98 OK
r-release-macos-arm64 0.5.1 76.00 NOTE
r-release-macos-x86_64 0.5.1 131.00 NOTE
r-release-windows-x86_64 0.5.1 39.00 216.00 255.00 OK
r-oldrel-macos-arm64 0.5.1 87.00 NOTE
r-oldrel-macos-x86_64 0.5.1 133.00 NOTE
r-oldrel-windows-ix86+x86_64 0.5.1 32.00 220.00 252.00 OK

Check Details

Version: 0.5.1
Check: dependencies in R code
Result: NOTE
    Namespace in Imports field not imported from: ‘knitr’
     All declared Imports should be used.
Flavors: r-devel-linux-x86_64-fedora-clang, r-devel-linux-x86_64-fedora-gcc, r-release-macos-arm64, r-release-macos-x86_64, r-oldrel-macos-arm64, r-oldrel-macos-x86_64