CRAN Package Check Results for Package pbdSLAP

Last updated on 2022-08-16 08:54:26 CEST.

Flavor Version Tinstall Tcheck Ttotal Status Flags
r-devel-linux-x86_64-debian-clang 0.3-2 154.57 55.99 210.56 OK
r-devel-linux-x86_64-debian-gcc 0.3-2 131.11 44.06 175.17 OK
r-devel-linux-x86_64-fedora-clang 0.3-2 262.48 OK
r-devel-linux-x86_64-fedora-gcc 0.3-2 288.27 OK
r-devel-windows-x86_64 0.3-2 451.00 114.00 565.00 NOTE
r-patched-linux-x86_64 0.3-2 134.03 54.32 188.35 OK
r-release-linux-x86_64 0.3-2 132.58 53.87 186.45 OK
r-release-macos-arm64 0.3-2 6.00 ERROR
r-release-macos-x86_64 0.3-2 6.00 ERROR
r-release-windows-x86_64 0.3-2 363.00 104.00 467.00 NOTE
r-oldrel-macos-arm64 0.3-2 9.00 ERROR
r-oldrel-macos-x86_64 0.3-2 10.00 ERROR
r-oldrel-windows-ix86+x86_64 0.3-2 484.00 98.00 582.00 NOTE

Check Details

Version: 0.3-2
Check: installed package size
Result: NOTE
     installed size is 5.4Mb
     sub-directories of 1Mb or more:
     lib 2.8Mb
     libs 2.3Mb
Flavors: r-devel-windows-x86_64, r-release-windows-x86_64, r-oldrel-windows-ix86+x86_64

Version: 0.3-2
Check: package dependencies
Result: ERROR
    Package required but not available: ‘pbdMPI’
    
    See section ‘The DESCRIPTION file’ in the ‘Writing R Extensions’
    manual.
Flavors: r-release-macos-arm64, r-release-macos-x86_64, r-oldrel-macos-arm64, r-oldrel-macos-x86_64