CRAN Package Check Results for Package pbdMPI

Last updated on 2022-09-27 08:53:23 CEST.

Flavor Version Tinstall Tcheck Ttotal Status Flags
r-devel-linux-x86_64-debian-clang 0.4-4 22.27 90.23 112.50 OK
r-devel-linux-x86_64-debian-gcc 0.4-4 16.48 69.01 85.49 OK
r-devel-linux-x86_64-fedora-clang 0.4-4 150.43 OK
r-devel-linux-x86_64-fedora-gcc 0.4-4 144.63 OK
r-devel-windows-x86_64 0.4-4 273.00 170.00 443.00 OK
r-patched-linux-x86_64 0.4-4 19.91 84.14 104.05 OK
r-release-linux-x86_64 0.4-4 15.81 84.21 100.02 OK
r-release-macos-arm64 0.4-4 12.00 ERROR
r-release-macos-x86_64 0.4-4 12.00 ERROR
r-release-windows-x86_64 0.4-4 112.00 157.00 269.00 OK
r-oldrel-macos-arm64 0.4-4 19.00 ERROR
r-oldrel-macos-x86_64 0.4-4 17.00 ERROR
r-oldrel-windows-ix86+x86_64 0.4-4 56.00 113.00 169.00 OK

Check Details

Version: 0.4-4
Check: whether package can be installed
Result: ERROR
    Installation failed.
Flavors: r-release-macos-arm64, r-release-macos-x86_64, r-oldrel-macos-arm64, r-oldrel-macos-x86_64