CRAN Package Check Results for Package pathviewr

Last updated on 2024-02-23 07:52:16 CET.

Flavor Version Tinstall Tcheck Ttotal Status Flags
r-devel-linux-x86_64-debian-clang 1.1.7 OK
r-devel-linux-x86_64-debian-gcc 1.1.7 4.52 109.97 114.49 OK
r-devel-linux-x86_64-fedora-clang 1.1.7 180.12 OK
r-devel-linux-x86_64-fedora-gcc 1.1.7 186.43 OK
r-devel-windows-x86_64 1.1.7 6.00 125.00 131.00 OK
r-patched-linux-x86_64 1.1.7 5.78 142.72 148.50 OK
r-release-linux-x86_64 1.1.7 3.46 142.53 145.99 OK
r-release-macos-arm64 1.1.7 65.00 NOTE
r-release-macos-x86_64 1.1.7 99.00 NOTE
r-release-windows-x86_64 1.1.7 8.00 161.00 169.00 OK
r-oldrel-macos-arm64 1.1.7 70.00 OK
r-oldrel-windows-x86_64 1.1.7 8.00 156.00 164.00 OK

Check Details

Version: 1.1.7
Check: package dependencies
Result: NOTE Package suggested but not available for checking: ‘anomalize’ Flavors: r-release-macos-arm64, r-release-macos-x86_64