Last updated on 2023-03-27 08:51:21 CEST.
Flavor | Version | Tinstall | Tcheck | Ttotal | Status | Flags |
---|---|---|---|---|---|---|
r-devel-linux-x86_64-debian-clang | 1.1.7 | 6.56 | 154.52 | 161.08 | NOTE | |
r-devel-linux-x86_64-debian-gcc | 1.1.7 | 4.95 | 116.64 | 121.59 | NOTE | |
r-devel-linux-x86_64-fedora-clang | 1.1.7 | 193.03 | NOTE | |||
r-devel-linux-x86_64-fedora-gcc | 1.1.7 | 218.38 | NOTE | |||
r-patched-linux-x86_64 | 1.1.7 | 6.51 | 148.08 | 154.59 | NOTE | |
r-release-linux-x86_64 | 1.1.7 | 4.75 | 148.56 | 153.31 | NOTE | |
r-release-macos-arm64 | 1.1.7 | 70.00 | OK | |||
r-release-macos-x86_64 | 1.1.7 | 105.00 | OK | |||
r-release-windows-x86_64 | 1.1.7 | 61.00 | 211.00 | 272.00 | OK | |
r-oldrel-macos-arm64 | 1.1.7 | 74.00 | OK | |||
r-oldrel-macos-x86_64 | 1.1.7 | 106.00 | OK | |||
r-oldrel-windows-ix86+x86_64 | 1.1.7 | 14.00 | 251.00 | 265.00 | OK |
Version: 1.1.7
Check: package dependencies
Result: NOTE
Package suggested but not available for checking: ‘anomalize’
Flavors: r-devel-linux-x86_64-debian-clang, r-devel-linux-x86_64-debian-gcc, r-devel-linux-x86_64-fedora-clang, r-devel-linux-x86_64-fedora-gcc, r-patched-linux-x86_64, r-release-linux-x86_64