Last updated on 2023-12-01 07:50:14 CET.
Flavor | Version | Tinstall | Tcheck | Ttotal | Status | Flags |
---|---|---|---|---|---|---|
r-devel-linux-x86_64-debian-clang | 2.3.0 | 14.10 | 326.90 | 341.00 | NOTE | |
r-devel-linux-x86_64-debian-gcc | 2.3.0 | 9.61 | 241.91 | 251.52 | NOTE | |
r-devel-linux-x86_64-fedora-clang | 2.3.0 | 415.56 | OK | |||
r-devel-linux-x86_64-fedora-gcc | 2.3.0 | 404.90 | OK | |||
r-devel-windows-x86_64 | 2.3.0 | 12.00 | 263.00 | 275.00 | OK | |
r-patched-linux-x86_64 | 2.3.0 | 9.69 | 311.14 | 320.83 | OK | |
r-release-linux-x86_64 | 2.3.0 | 7.32 | 305.24 | 312.56 | OK | |
r-release-macos-arm64 | 2.3.0 | 119.00 | OK | |||
r-release-macos-x86_64 | 2.3.0 | 244.00 | OK | |||
r-release-windows-x86_64 | 2.3.0 | 16.00 | 338.00 | 354.00 | OK | |
r-oldrel-macos-arm64 | 2.3.0 | 122.00 | OK | |||
r-oldrel-macos-x86_64 | 2.3.0 | 173.00 | OK | |||
r-oldrel-windows-x86_64 | 2.3.0 | 17.00 | 347.00 | 364.00 | OK |
Version: 2.3.0
Check: Rd files
Result: NOTE
checkRd: (-1) get_gene_sets_list.Rd:32: Lost braces in \itemize; \value handles \item{}{} directly
checkRd: (-1) get_gene_sets_list.Rd:33: Lost braces in \itemize; \value handles \item{}{} directly
checkRd: (-1) get_kegg_gsets.Rd:15: Lost braces in \itemize; \value handles \item{}{} directly
checkRd: (-1) get_kegg_gsets.Rd:16: Lost braces in \itemize; \value handles \item{}{} directly
checkRd: (-1) get_mgsigdb_gsets.Rd:21: Lost braces in \itemize; \value handles \item{}{} directly
checkRd: (-1) get_mgsigdb_gsets.Rd:22: Lost braces in \itemize; \value handles \item{}{} directly
checkRd: (-1) get_reactome_gsets.Rd:12: Lost braces in \itemize; \value handles \item{}{} directly
checkRd: (-1) get_reactome_gsets.Rd:13: Lost braces in \itemize; \value handles \item{}{} directly
checkRd: (-1) gset_list_from_gmt.Rd:16: Lost braces in \itemize; \value handles \item{}{} directly
checkRd: (-1) gset_list_from_gmt.Rd:17: Lost braces in \itemize; \value handles \item{}{} directly
Flavors: r-devel-linux-x86_64-debian-clang, r-devel-linux-x86_64-debian-gcc