Last updated on 2023-03-25 19:54:11 CET.
Flavor | Version | Tinstall | Tcheck | Ttotal | Status | Flags |
---|---|---|---|---|---|---|
r-devel-linux-x86_64-debian-clang | 0.1.0 | 12.96 | 110.47 | 123.43 | OK | |
r-devel-linux-x86_64-debian-gcc | 0.1.0 | 9.71 | 84.80 | 94.51 | OK | |
r-devel-linux-x86_64-fedora-clang | 0.1.0 | 152.93 | NOTE | |||
r-devel-linux-x86_64-fedora-gcc | 0.1.0 | 153.42 | NOTE | |||
r-patched-linux-x86_64 | 0.1.0 | 10.90 | 105.14 | 116.04 | OK | |
r-release-linux-x86_64 | 0.1.0 | 13.02 | 106.13 | 119.15 | OK | |
r-release-macos-arm64 | 0.1.0 | 34.00 | NOTE | |||
r-release-macos-x86_64 | 0.1.0 | 86.00 | NOTE | |||
r-release-windows-x86_64 | 0.1.0 | 35.00 | 138.00 | 173.00 | OK | |
r-oldrel-macos-arm64 | 0.1.0 | 61.00 | NOTE | |||
r-oldrel-macos-x86_64 | 0.1.0 | 61.00 | NOTE | |||
r-oldrel-windows-ix86+x86_64 | 0.1.0 | 27.00 | 127.00 | 154.00 | OK |
Version: 0.1.0
Check: dependencies in R code
Result: NOTE
Namespace in Imports field not imported from: ‘flexsurv’
All declared Imports should be used.
Flavors: r-devel-linux-x86_64-fedora-clang, r-devel-linux-x86_64-fedora-gcc, r-release-macos-arm64, r-release-macos-x86_64, r-oldrel-macos-arm64, r-oldrel-macos-x86_64