CRAN Package Check Results for Package parSim

Last updated on 2023-03-25 19:54:11 CET.

Flavor Version Tinstall Tcheck Ttotal Status Flags
r-devel-linux-x86_64-debian-clang 0.1.4 5.04 45.31 50.35 OK
r-devel-linux-x86_64-debian-gcc 0.1.4 3.63 33.64 37.27 OK
r-devel-linux-x86_64-fedora-clang 0.1.4 62.46 NOTE
r-devel-linux-x86_64-fedora-gcc 0.1.4 56.31 NOTE
r-patched-linux-x86_64 0.1.4 4.97 43.93 48.90 OK
r-release-linux-x86_64 0.1.4 4.73 44.38 49.11 OK
r-release-macos-arm64 0.1.4 24.00 NOTE
r-release-macos-x86_64 0.1.4 46.00 NOTE
r-release-windows-x86_64 0.1.4 9.00 78.00 87.00 OK
r-oldrel-macos-arm64 0.1.4 27.00 NOTE
r-oldrel-macos-x86_64 0.1.4 41.00 NOTE
r-oldrel-windows-ix86+x86_64 0.1.4 12.00 70.00 82.00 OK

Check Details

Version: 0.1.4
Check: dependencies in R code
Result: NOTE
    Namespace in Imports field not imported from: ‘parallel’
     All declared Imports should be used.
Flavors: r-devel-linux-x86_64-fedora-clang, r-devel-linux-x86_64-fedora-gcc, r-release-macos-arm64, r-release-macos-x86_64, r-oldrel-macos-arm64, r-oldrel-macos-x86_64