CRAN Package Check Results for Package pagoo

Last updated on 2022-08-09 20:53:56 CEST.

Flavor Version Tinstall Tcheck Ttotal Status Flags
r-devel-linux-x86_64-debian-clang 0.3.12 33.70 356.30 390.00 NOTE
r-devel-linux-x86_64-debian-gcc 0.3.12 27.42 265.15 292.57 NOTE
r-devel-linux-x86_64-fedora-clang 0.3.12 491.51 OK
r-devel-linux-x86_64-fedora-gcc 0.3.12 492.35 OK
r-devel-windows-x86_64 0.3.12 39.00 377.00 416.00 OK
r-patched-linux-x86_64 0.3.12 27.44 335.13 362.57 OK
r-release-linux-x86_64 0.3.12 OK
r-release-macos-arm64 0.3.12 133.00 OK
r-release-macos-x86_64 0.3.12 240.00 OK
r-release-windows-x86_64 0.3.12 37.00 371.00 408.00 OK
r-oldrel-macos-arm64 0.3.12 135.00 OK
r-oldrel-macos-x86_64 0.3.12 210.00 OK
r-oldrel-windows-ix86+x86_64 0.3.12 72.00 404.00 476.00 OK

Check Details

Version: 0.3.12
Check: HTML version of manual
Result: NOTE
    Found the following HTML validation problems:
    PgR6M.html:91:6: Warning: missing </span> before <p>
    PgR6M.html:91:90: Warning: inserting implicit <span>
    PgR6M.html:94:6: Warning: missing </span> before <p>
    PgR6M.html:94:82: Warning: inserting implicit <span>
    PgR6M.html:97:6: Warning: missing </span> before <p>
    PgR6M.html:97:85: Warning: inserting implicit <span>
    PgR6M.html:100:6: Warning: missing </span> before <p>
    PgR6M.html:100:95: Warning: inserting implicit <span>
    PgR6M.html:103:6: Warning: missing </span> before <p>
    PgR6M.html:103:93: Warning: inserting implicit <span>
    PgR6M.html:91:6: Warning: trimming empty <span>
    PgR6M.html:94:6: Warning: trimming empty <span>
    PgR6M.html:97:6: Warning: trimming empty <span>
    PgR6M.html:100:6: Warning: trimming empty <span>
    PgR6M.html:103:6: Warning: trimming empty <span>
    PgR6MS.html:81:6: Warning: missing </span> before <p>
    PgR6MS.html:81:90: Warning: inserting implicit <span>
    PgR6MS.html:84:6: Warning: missing </span> before <p>
    PgR6MS.html:84:82: Warning: inserting implicit <span>
    PgR6MS.html:87:6: Warning: missing </span> before <p>
    PgR6MS.html:87:85: Warning: inserting implicit <span>
    PgR6MS.html:90:6: Warning: missing </span> before <p>
    PgR6MS.html:90:95: Warning: inserting implicit <span>
    PgR6MS.html:93:6: Warning: missing </span> before <p>
    PgR6MS.html:93:93: Warning: inserting implicit <span>
    PgR6MS.html:96:6: Warning: missing </span> before <p>
    PgR6MS.html:96:95: Warning: inserting implicit <span>
    PgR6MS.html:99:6: Warning: missing </span> before <p>
    PgR6MS.html:99:83: Warning: inserting implicit <span>
    PgR6MS.html:102:6: Warning: missing </span> before <p>
    PgR6MS.html:102:89: Warning: inserting implicit <span>
    PgR6MS.html:105:6: Warning: missing </span> before <p>
    PgR6MS.html:105:88: Warning: inserting implicit <span>
    PgR6MS.html:108:6: Warning: missing </span> before <p>
    PgR6MS.html:108:88: Warning: inserting implicit <span>
    PgR6MS.html:111:6: Warning: missing </span> before <p>
    PgR6MS.html:111:86: Warning: inserting implicit <span>
    PgR6MS.html:114:6: Warning: missing </span> before <p>
    PgR6MS.html:114:85: Warning: inserting implicit <span>
    PgR6MS.html:117:6: Warning: missing </span> before <p>
    PgR6MS.html:117:85: Warning: inserting implicit <span>
    PgR6MS.html:120:6: Warning: missing </span> before <p>
    PgR6MS.html:120:86: Warning: inserting implicit <span>
    PgR6MS.html:123:6: Warning: missing </span> before <p>
    PgR6MS.html:123:95: Warning: inserting implicit <span>
    PgR6MS.html:126:6: Warning: missing </span> before <p>
    PgR6MS.html:126:87: Warning: inserting implicit <span>
    PgR6MS.html:129:6: Warning: missing </span> before <p>
    PgR6MS.html:129:90: Warning: inserting implicit <span>
    PgR6MS.html:81:6: Warning: trimming empty <span>
    PgR6MS.html:84:6: Warning: trimming empty <span>
    PgR6MS.html:87:6: Warning: trimming empty <span>
    PgR6MS.html:90:6: Warning: trimming empty <span>
    PgR6MS.html:93:6: Warning: trimming empty <span>
    PgR6MS.html:96:6: Warning: trimming empty <span>
    PgR6MS.html:99:6: Warning: trimming empty <span>
    PgR6MS.html:102:6: Warning: trimming empty <span>
    PgR6MS.html:105:6: Warning: trimming empty <span>
    PgR6MS.html:108:6: Warning: trimming empty <span>
    PgR6MS.html:111:6: Warning: trimming empty <span>
    PgR6MS.html:114:6: Warning: trimming empty <span>
    PgR6MS.html:117:6: Warning: trimming empty <span>
    PgR6MS.html:120:6: Warning: trimming empty <span>
    PgR6MS.html:123:6: Warning: trimming empty <span>
    PgR6MS.html:126:6: Warning: trimming empty <span>
    PgR6MS.html:129:6: Warning: trimming empty <span>
Flavors: r-devel-linux-x86_64-debian-clang, r-devel-linux-x86_64-debian-gcc