Last updated on 2023-03-25 19:54:11 CET.
Flavor | Version | Tinstall | Tcheck | Ttotal | Status | Flags |
---|---|---|---|---|---|---|
r-devel-linux-x86_64-debian-clang | 1.0.10 | 178.79 | 146.95 | 325.74 | NOTE | |
r-devel-linux-x86_64-debian-gcc | 1.0.10 | 127.81 | 110.86 | 238.67 | NOTE | |
r-patched-linux-x86_64 | 1.0.10 | 147.08 | 141.45 | 288.53 | OK | |
r-release-linux-x86_64 | 1.0.10 | 130.62 | 138.99 | 269.61 | OK | |
r-release-macos-arm64 | 1.0.10 | 101.00 | NOTE | |||
r-release-macos-x86_64 | 1.0.10 | 155.00 | NOTE | |||
r-release-windows-x86_64 | 1.0.10 | 223.00 | 204.00 | 427.00 | OK | |
r-oldrel-macos-arm64 | 1.0.10 | 83.00 | NOTE | |||
r-oldrel-macos-x86_64 | 1.0.10 | 135.00 | NOTE | |||
r-oldrel-windows-ix86+x86_64 | 1.0.10 | 405.00 | 223.00 | 628.00 | OK |
Version: 1.0.10
Check: C++ specification
Result: NOTE
Specified C++11: please drop specification unless essential
Flavors: r-devel-linux-x86_64-debian-clang, r-devel-linux-x86_64-debian-gcc
Version: 1.0.10
Check: package dependencies
Result: NOTE
Packages suggested but not available for checking: 'org.Dr.eg.db', 'scde'
Flavor: r-release-macos-arm64
Version: 1.0.10
Check: installed package size
Result: NOTE
installed size is 7.0Mb
sub-directories of 1Mb or more:
libs 5.2Mb
Flavors: r-release-macos-arm64, r-release-macos-x86_64, r-oldrel-macos-arm64, r-oldrel-macos-x86_64
Version: 1.0.10
Check: package dependencies
Result: NOTE
Package suggested but not available for checking: ‘scde’
Flavor: r-oldrel-macos-arm64