CRAN Package Check Results for Package pafdR

Last updated on 2023-01-27 19:49:39 CET.

Flavor Version Tinstall Tcheck Ttotal Status Flags
r-devel-linux-x86_64-debian-clang 1.0 3.83 36.27 40.10 NOTE
r-devel-linux-x86_64-debian-gcc 1.0 2.77 28.35 31.12 NOTE
r-devel-linux-x86_64-fedora-clang 1.0 50.03 NOTE
r-devel-linux-x86_64-fedora-gcc 1.0 62.17 NOTE
r-patched-linux-x86_64 1.0 3.99 37.75 41.74 NOTE
r-release-linux-x86_64 1.0 3.59 37.70 41.29 NOTE
r-release-macos-arm64 1.0 18.00 NOTE
r-release-macos-x86_64 1.0 24.00 NOTE
r-release-windows-x86_64 1.0 9.00 68.00 77.00 NOTE
r-oldrel-macos-arm64 1.0 19.00 NOTE
r-oldrel-macos-x86_64 1.0 27.00 NOTE
r-oldrel-windows-ix86+x86_64 1.0 10.00 63.00 73.00 NOTE

Check Details

Version: 1.0
Check: LazyData
Result: NOTE
     'LazyData' is specified without a 'data' directory
Flavors: r-devel-linux-x86_64-debian-clang, r-devel-linux-x86_64-debian-gcc, r-devel-linux-x86_64-fedora-clang, r-devel-linux-x86_64-fedora-gcc, r-patched-linux-x86_64, r-release-linux-x86_64, r-release-macos-arm64, r-release-macos-x86_64, r-release-windows-x86_64, r-oldrel-macos-arm64, r-oldrel-macos-x86_64, r-oldrel-windows-ix86+x86_64