CRAN Package Check Results for Package owdbr

Last updated on 2023-09-22 20:52:00 CEST.

Flavor Version Tinstall Tcheck Ttotal Status Flags
r-devel-linux-x86_64-debian-clang 1.0.1.1 3.39 36.23 39.62 NOTE
r-devel-linux-x86_64-debian-gcc 1.0.1.1 3.25 27.77 31.02 NOTE
r-devel-linux-x86_64-fedora-clang 1.0.1.1 48.78 NOTE
r-devel-linux-x86_64-fedora-gcc 1.0.1.1 48.55 NOTE
r-devel-windows-x86_64 1.0.1.1 7.00 47.00 54.00 NOTE
r-patched-linux-x86_64 1.0.1.1 4.45 35.00 39.45 NOTE
r-release-linux-x86_64 1.0.1.1 3.90 34.91 38.81 NOTE
r-release-macos-arm64 1.0.1.1 21.00 NOTE
r-release-macos-x86_64 1.0.1.1 30.00 NOTE
r-release-windows-x86_64 1.0.1.1 6.00 52.00 58.00 NOTE
r-oldrel-macos-arm64 1.0.1.1 19.00 NOTE
r-oldrel-macos-x86_64 1.0.1.1 35.00 NOTE
r-oldrel-windows-x86_64 1.0.1.1 7.00 53.00 60.00 NOTE

Check Details

Version: 1.0.1.1
Check: LazyData
Result: NOTE
     'LazyData' is specified without a 'data' directory
Flavors: r-devel-linux-x86_64-debian-clang, r-devel-linux-x86_64-debian-gcc, r-devel-linux-x86_64-fedora-clang, r-devel-linux-x86_64-fedora-gcc, r-devel-windows-x86_64, r-patched-linux-x86_64, r-release-linux-x86_64, r-release-macos-arm64, r-release-macos-x86_64, r-release-windows-x86_64, r-oldrel-macos-arm64, r-oldrel-macos-x86_64, r-oldrel-windows-x86_64