CRAN Package Check Results for Package osmplotr

Last updated on 2022-10-04 08:53:53 CEST.

Flavor Version Tinstall Tcheck Ttotal Status Flags
r-devel-linux-x86_64-debian-clang 0.3.3 16.13 255.92 272.05 OK
r-devel-linux-x86_64-debian-gcc 0.3.3 14.13 186.86 200.99 OK
r-devel-linux-x86_64-fedora-clang 0.3.3 330.65 NOTE
r-devel-linux-x86_64-fedora-gcc 0.3.3 334.38 OK
r-devel-windows-x86_64 0.3.3 42.00 278.00 320.00 NOTE
r-patched-linux-x86_64 0.3.3 17.14 236.28 253.42 OK
r-release-linux-x86_64 0.3.3 11.67 234.68 246.35 OK
r-release-macos-arm64 0.3.3 93.00 NOTE
r-release-macos-x86_64 0.3.3 145.00 NOTE
r-release-windows-x86_64 0.3.3 63.00 284.00 347.00 NOTE
r-oldrel-macos-arm64 0.3.3 111.00 NOTE
r-oldrel-macos-x86_64 0.3.3 124.00 NOTE
r-oldrel-windows-ix86+x86_64 0.3.3 36.00 285.00 321.00 NOTE

Check Details

Version: 0.3.3
Check: installed package size
Result: NOTE
     installed size is 9.3Mb
     sub-directories of 1Mb or more:
     doc 7.8Mb
Flavors: r-devel-linux-x86_64-fedora-clang, r-devel-windows-x86_64, r-release-macos-arm64, r-release-macos-x86_64, r-release-windows-x86_64, r-oldrel-macos-arm64, r-oldrel-macos-x86_64, r-oldrel-windows-ix86+x86_64