CRAN Package Check Results for Package optmatch

Last updated on 2022-10-05 20:55:07 CEST.

Flavor Version Tinstall Tcheck Ttotal Status Flags
r-devel-linux-x86_64-debian-clang 0.10.5 48.60 149.54 198.14 NOTE
r-devel-linux-x86_64-debian-gcc 0.10.5 33.60 108.50 142.10 NOTE
r-devel-linux-x86_64-fedora-clang 0.10.5 261.57 NOTE
r-devel-linux-x86_64-fedora-gcc 0.10.5 254.82 NOTE
r-devel-windows-x86_64 0.10.5 121.00 207.00 328.00 NOTE
r-patched-linux-x86_64 0.10.5 42.53 134.14 176.67 NOTE
r-release-linux-x86_64 0.10.5 37.38 135.29 172.67 NOTE
r-release-macos-arm64 0.10.5 58.00 NOTE
r-release-macos-x86_64 0.10.5 89.00 NOTE
r-release-windows-x86_64 0.10.5 140.00 195.00 335.00 NOTE
r-oldrel-macos-arm64 0.10.5 59.00 NOTE
r-oldrel-macos-x86_64 0.10.5 91.00 NOTE
r-oldrel-windows-ix86+x86_64 0.10.5 112.00 255.00 367.00 NOTE

Check Details

Version: 0.10.5
Check: package dependencies
Result: NOTE
    Package suggested but not available for checking: 'rrelaxiv'
Flavors: r-devel-linux-x86_64-debian-clang, r-devel-linux-x86_64-debian-gcc, r-devel-linux-x86_64-fedora-clang, r-devel-linux-x86_64-fedora-gcc, r-devel-windows-x86_64, r-patched-linux-x86_64, r-release-linux-x86_64, r-release-macos-arm64, r-release-macos-x86_64, r-release-windows-x86_64, r-oldrel-macos-arm64, r-oldrel-macos-x86_64, r-oldrel-windows-ix86+x86_64

Version: 0.10.5
Check: installed package size
Result: NOTE
     installed size is 5.2Mb
     sub-directories of 1Mb or more:
     doc 2.3Mb
     libs 2.1Mb
Flavor: r-oldrel-windows-ix86+x86_64