CRAN Package Check Results for Package opGMMassessment

Last updated on 2022-10-02 20:52:50 CEST.

Flavor Version Tinstall Tcheck Ttotal Status Flags
r-devel-linux-x86_64-debian-clang 0.3.2 19.17 154.64 173.81 OK
r-devel-linux-x86_64-debian-gcc 0.3.2 16.08 115.87 131.95 OK
r-devel-linux-x86_64-fedora-clang 0.3.2 224.49 OK
r-devel-linux-x86_64-fedora-gcc 0.3.2 222.37 OK
r-devel-windows-x86_64 0.3.2 41.00 165.00 206.00 OK
r-patched-linux-x86_64 0.3.2 18.61 143.27 161.88 OK
r-release-linux-x86_64 0.3.2 16.90 143.07 159.97 OK
r-release-macos-arm64 0.3.2 6.00 ERROR
r-release-macos-x86_64 0.3.2 7.00 ERROR
r-release-windows-x86_64 0.3.2 24.00 166.00 190.00 OK
r-oldrel-macos-arm64 0.3.2 9.00 ERROR
r-oldrel-macos-x86_64 0.3.2 11.00 ERROR
r-oldrel-windows-ix86+x86_64 0.3.2 42.00 161.00 203.00 OK

Check Details

Version: 0.3.2
Check: package dependencies
Result: ERROR
    Package required but not available: ‘mixAK’
    
    See section ‘The DESCRIPTION file’ in the ‘Writing R Extensions’
    manual.
Flavors: r-release-macos-arm64, r-release-macos-x86_64, r-oldrel-macos-arm64, r-oldrel-macos-x86_64