CRAN Package Check Results for Package onemap

Last updated on 2022-08-11 20:50:10 CEST.

Flavor Version Tinstall Tcheck Ttotal Status Flags
r-devel-linux-x86_64-debian-clang 2.8.2 92.81 225.49 318.30 OK --no-vignettes
r-devel-linux-x86_64-debian-gcc 2.8.2 69.00 167.73 236.73 OK --no-vignettes
r-devel-linux-x86_64-fedora-clang 2.8.2 666.19 NOTE
r-devel-linux-x86_64-fedora-gcc 2.8.2 636.17 NOTE
r-devel-windows-x86_64 2.8.2 116.00 518.00 634.00 OK
r-patched-linux-x86_64 2.8.2 86.80 209.77 296.57 OK --no-vignettes
r-release-linux-x86_64 2.8.2 69.31 208.26 277.57 OK --no-vignettes
r-release-macos-arm64 2.8.2 208.00 NOTE
r-release-macos-x86_64 2.8.2 347.00 NOTE
r-release-windows-x86_64 2.8.2 120.00 520.00 640.00 OK
r-oldrel-macos-arm64 2.8.2 140.00 NOTE
r-oldrel-macos-x86_64 2.8.2 247.00 NOTE
r-oldrel-windows-ix86+x86_64 2.8.2 243.00 461.00 704.00 OK

Check Details

Version: 2.8.2
Check: dependencies in R code
Result: NOTE
    Namespace in Imports field not imported from: ‘stringi’
     All declared Imports should be used.
Flavors: r-devel-linux-x86_64-fedora-clang, r-devel-linux-x86_64-fedora-gcc, r-release-macos-arm64, r-release-macos-x86_64, r-oldrel-macos-arm64, r-oldrel-macos-x86_64

Version: 2.8.2
Check: installed package size
Result: NOTE
     installed size is 5.0Mb
     sub-directories of 1Mb or more:
     doc 1.4Mb
     libs 2.5Mb
Flavor: r-oldrel-macos-arm64