Last updated on 2025-01-18 19:49:14 CET.
Flavor | Version | Tinstall | Tcheck | Ttotal | Status | Flags |
---|---|---|---|---|---|---|
r-devel-linux-x86_64-debian-clang | 1.2 | 55.35 | 570.47 | 625.82 | OK | |
r-devel-linux-x86_64-debian-gcc | 1.2 | 39.13 | 413.50 | 452.63 | OK | |
r-devel-linux-x86_64-fedora-clang | 1.2 | 1078.27 | OK | |||
r-devel-linux-x86_64-fedora-gcc | 1.2 | 1018.58 | OK | |||
r-devel-windows-x86_64 | 1.2 | 54.00 | 445.00 | 499.00 | OK | |
r-patched-linux-x86_64 | 1.2 | 45.68 | 523.34 | 569.02 | OK | |
r-release-linux-x86_64 | 1.2 | 49.08 | 522.16 | 571.24 | OK | |
r-release-macos-arm64 | 1.2 | 10.00 | ERROR | |||
r-release-macos-x86_64 | 1.2 | 11.00 | ERROR | |||
r-release-windows-x86_64 | 1.2 | 54.00 | 441.00 | 495.00 | OK | |
r-oldrel-macos-arm64 | 1.2 | 10.00 | ERROR | |||
r-oldrel-macos-x86_64 | 1.2 | 12.00 | ERROR | |||
r-oldrel-windows-x86_64 | 1.2 | 72.00 | 595.00 | 667.00 | OK |
Version: 1.2
Check: package dependencies
Result: ERROR
Packages required but not available:
'TxDb.Hsapiens.UCSC.hg19.knownGene', 'TCGAbiolinks'
See section ‘The DESCRIPTION file’ in the ‘Writing R Extensions’
manual.
Flavors: r-release-macos-arm64, r-release-macos-x86_64
Version: 1.2
Check: package dependencies
Result: ERROR
Package required but not available: ‘TCGAbiolinks’
See section ‘The DESCRIPTION file’ in the ‘Writing R Extensions’
manual.
Flavors: r-oldrel-macos-arm64, r-oldrel-macos-x86_64