CRAN Package Check Results for Package oce

Last updated on 2022-12-04 07:55:15 CET.

Flavor Version Tinstall Tcheck Ttotal Status Flags
r-devel-linux-x86_64-debian-clang 1.7-10 280.84 662.98 943.82 OK
r-devel-linux-x86_64-debian-gcc 1.7-10 197.16 487.88 685.04 OK
r-devel-linux-x86_64-fedora-clang 1.7-10 1293.52 NOTE
r-devel-linux-x86_64-fedora-gcc 1.7-10 1140.58 OK
r-devel-windows-x86_64 1.7-10 384.00 914.00 1298.00 NOTE
r-patched-linux-x86_64 1.7-10 238.72 569.34 808.06 OK
r-release-linux-x86_64 1.7-10 211.30 553.17 764.47 OK
r-release-macos-arm64 1.7-10 234.00 NOTE
r-release-macos-x86_64 1.7-10 325.00 NOTE
r-release-windows-x86_64 1.7-10 429.00 737.00 1166.00 NOTE
r-oldrel-macos-arm64 1.7-10 214.00 NOTE
r-oldrel-macos-x86_64 1.7-10 328.00 NOTE
r-oldrel-windows-ix86+x86_64 1.7-10 596.00 942.00 1538.00 NOTE

Check Details

Version: 1.7-10
Check: installed package size
Result: NOTE
     installed size is 9.8Mb
     sub-directories of 1Mb or more:
     R 2.6Mb
     data 1.0Mb
     doc 2.0Mb
     help 3.0Mb
Flavors: r-devel-linux-x86_64-fedora-clang, r-devel-windows-x86_64, r-release-macos-arm64, r-release-macos-x86_64, r-release-windows-x86_64, r-oldrel-macos-arm64, r-oldrel-macos-x86_64, r-oldrel-windows-ix86+x86_64