CRAN Package Check Results for Package oaqc

Last updated on 2022-09-28 08:51:25 CEST.

Flavor Version Tinstall Tcheck Ttotal Status Flags
r-devel-linux-x86_64-debian-clang 1.0 4.95 25.19 30.14 NOTE
r-devel-linux-x86_64-debian-gcc 1.0 4.15 20.22 24.37 NOTE
r-devel-linux-x86_64-fedora-clang 1.0 56.50 NOTE
r-devel-linux-x86_64-fedora-gcc 1.0 47.43 NOTE
r-devel-windows-x86_64 1.0 16.00 72.00 88.00 NOTE
r-patched-linux-x86_64 1.0 4.00 24.85 28.85 NOTE
r-release-linux-x86_64 1.0 4.46 24.13 28.59 NOTE
r-release-macos-arm64 1.0 18.00 NOTE
r-release-macos-x86_64 1.0 26.00 NOTE
r-release-windows-x86_64 1.0 15.00 70.00 85.00 NOTE
r-oldrel-macos-arm64 1.0 26.00 NOTE
r-oldrel-macos-x86_64 1.0 27.00 NOTE
r-oldrel-windows-ix86+x86_64 1.0 16.00 64.00 80.00 NOTE

Check Details

Version: 1.0
Check: LazyData
Result: NOTE
     'LazyData' is specified without a 'data' directory
Flavors: r-devel-linux-x86_64-debian-clang, r-devel-linux-x86_64-debian-gcc, r-devel-linux-x86_64-fedora-clang, r-devel-linux-x86_64-fedora-gcc, r-devel-windows-x86_64, r-patched-linux-x86_64, r-release-linux-x86_64, r-release-macos-arm64, r-release-macos-x86_64, r-release-windows-x86_64, r-oldrel-macos-arm64, r-oldrel-macos-x86_64, r-oldrel-windows-ix86+x86_64