CRAN Package Check Results for Package nullabor

Last updated on 2024-07-17 20:57:06 CEST.

Flavor Version Tinstall Tcheck Ttotal Status Flags
r-devel-linux-x86_64-debian-clang 0.3.9 13.36 134.24 147.60 OK
r-devel-linux-x86_64-debian-gcc 0.3.9 8.12 97.42 105.54 OK
r-devel-linux-x86_64-fedora-clang 0.3.9 183.10 NOTE
r-devel-linux-x86_64-fedora-gcc 0.3.9 403.59 NOTE
r-devel-windows-x86_64 0.3.9 11.00 111.00 122.00 OK
r-patched-linux-x86_64 0.3.9 8.88 129.48 138.36 OK
r-release-linux-x86_64 0.3.9 7.54 129.73 137.27 OK
r-release-macos-arm64 0.3.9 112.00 OK
r-release-macos-x86_64 0.3.9 280.00 OK
r-release-windows-x86_64 0.3.9 13.00 112.00 125.00 OK
r-oldrel-macos-arm64 0.3.9 135.00 OK
r-oldrel-macos-x86_64 0.3.9 222.00 OK
r-oldrel-windows-x86_64 0.3.9 15.00 141.00 156.00 OK

Check Details

Version: 0.3.9
Check: dependencies in R code
Result: NOTE Namespaces in Imports field not imported from: ‘forecast’ ‘rlang’ ‘tsibble’ ‘viridis’ All declared Imports should be used. Flavors: r-devel-linux-x86_64-fedora-clang, r-devel-linux-x86_64-fedora-gcc