Last updated on 2023-12-01 07:50:13 CET.
Flavor | Version | Tinstall | Tcheck | Ttotal | Status | Flags |
---|---|---|---|---|---|---|
r-devel-linux-x86_64-debian-clang | 2.1.5 | 9.31 | 126.57 | 135.88 | NOTE | |
r-devel-linux-x86_64-debian-gcc | 2.1.5 | 7.47 | 87.95 | 95.42 | NOTE | |
r-devel-linux-x86_64-fedora-clang | 2.1.5 | 170.66 | NOTE | |||
r-devel-linux-x86_64-fedora-gcc | 2.1.5 | 177.57 | NOTE | |||
r-devel-windows-x86_64 | 2.1.5 | 9.00 | 127.00 | 136.00 | NOTE | |
r-patched-linux-x86_64 | 2.1.5 | 6.70 | 130.13 | 136.83 | NOTE | |
r-release-linux-x86_64 | 2.1.5 | 9.12 | 129.52 | 138.64 | NOTE | |
r-release-macos-arm64 | 2.1.5 | 59.00 | NOTE | |||
r-release-macos-x86_64 | 2.1.5 | 92.00 | NOTE | |||
r-release-windows-x86_64 | 2.1.5 | 11.00 | 140.00 | 151.00 | NOTE | |
r-oldrel-macos-arm64 | 2.1.5 | 48.00 | NOTE | |||
r-oldrel-macos-x86_64 | 2.1.5 | 65.00 | NOTE | |||
r-oldrel-windows-x86_64 | 2.1.5 | 11.00 | 145.00 | 156.00 | NOTE |
Version: 2.1.5
Check: LazyData
Result: NOTE
'LazyData' is specified without a 'data' directory
Flavors: r-devel-linux-x86_64-debian-clang, r-devel-linux-x86_64-debian-gcc, r-devel-linux-x86_64-fedora-clang, r-devel-linux-x86_64-fedora-gcc, r-devel-windows-x86_64, r-patched-linux-x86_64, r-release-linux-x86_64, r-release-macos-arm64, r-release-macos-x86_64, r-release-windows-x86_64, r-oldrel-macos-arm64, r-oldrel-macos-x86_64, r-oldrel-windows-x86_64