Last updated on 2023-01-27 19:49:38 CET.
Flavor | Version | Tinstall | Tcheck | Ttotal | Status | Flags |
---|---|---|---|---|---|---|
r-devel-linux-x86_64-debian-clang | 2.1.5 | 10.77 | 131.44 | 142.21 | NOTE | |
r-devel-linux-x86_64-debian-gcc | 2.1.5 | 7.14 | 90.02 | 97.16 | NOTE | |
r-devel-linux-x86_64-fedora-clang | 2.1.5 | 174.21 | NOTE | |||
r-devel-linux-x86_64-fedora-gcc | 2.1.5 | 184.05 | NOTE | |||
r-patched-linux-x86_64 | 2.1.5 | 8.50 | 130.23 | 138.73 | NOTE | |
r-release-linux-x86_64 | 2.1.5 | 8.77 | 129.32 | 138.09 | NOTE | |
r-release-macos-arm64 | 2.1.5 | 48.00 | NOTE | |||
r-release-macos-x86_64 | 2.1.5 | 65.00 | NOTE | |||
r-release-windows-x86_64 | 2.1.5 | 20.00 | 167.00 | 187.00 | NOTE | |
r-oldrel-macos-arm64 | 2.1.5 | 52.00 | NOTE | |||
r-oldrel-macos-x86_64 | 2.1.5 | 79.00 | NOTE | |||
r-oldrel-windows-ix86+x86_64 | 2.1.5 | 20.00 | 174.00 | 194.00 | NOTE |
Version: 2.1.5
Check: LazyData
Result: NOTE
'LazyData' is specified without a 'data' directory
Flavors: r-devel-linux-x86_64-debian-clang, r-devel-linux-x86_64-debian-gcc, r-devel-linux-x86_64-fedora-clang, r-devel-linux-x86_64-fedora-gcc, r-patched-linux-x86_64, r-release-linux-x86_64, r-release-macos-arm64, r-release-macos-x86_64, r-release-windows-x86_64, r-oldrel-macos-arm64, r-oldrel-macos-x86_64, r-oldrel-windows-ix86+x86_64