Last updated on 2023-03-22 19:53:32 CET.
Flavor | Version | Tinstall | Tcheck | Ttotal | Status | Flags |
---|---|---|---|---|---|---|
r-devel-linux-x86_64-debian-clang | 0.4.0 | 44.89 | 69.11 | 114.00 | NOTE | |
r-devel-linux-x86_64-debian-gcc | 0.4.0 | 40.01 | 50.83 | 90.84 | NOTE | |
r-devel-linux-x86_64-fedora-clang | 0.4.0 | 152.05 | NOTE | |||
r-devel-linux-x86_64-fedora-gcc | 0.4.0 | 139.91 | NOTE | |||
r-patched-linux-x86_64 | 0.4.0 | 44.75 | 64.87 | 109.62 | OK | |
r-release-linux-x86_64 | 0.4.0 | 38.57 | 64.28 | 102.85 | OK | |
r-release-macos-arm64 | 0.4.0 | 40.00 | OK | |||
r-release-macos-x86_64 | 0.4.0 | 68.00 | OK | |||
r-release-windows-x86_64 | 0.4.0 | 42.00 | 109.00 | 151.00 | OK | |
r-oldrel-macos-arm64 | 0.4.0 | 48.00 | OK | |||
r-oldrel-macos-x86_64 | 0.4.0 | 75.00 | OK | |||
r-oldrel-windows-ix86+x86_64 | 0.4.0 | 108.00 | 126.00 | 234.00 | OK |
Version: 0.4.0
Check: C++ specification
Result: NOTE
Specified C++11: please drop specification unless essential
Flavors: r-devel-linux-x86_64-debian-clang, r-devel-linux-x86_64-debian-gcc, r-devel-linux-x86_64-fedora-clang, r-devel-linux-x86_64-fedora-gcc