CRAN Package Check Results for Package nprcgenekeepr

Last updated on 2022-09-29 08:53:35 CEST.

Flavor Version Tinstall Tcheck Ttotal Status Flags
r-devel-linux-x86_64-debian-clang 1.0.5 15.68 217.26 232.94 ERROR
r-devel-linux-x86_64-debian-gcc 1.0.5 15.20 161.85 177.05 ERROR
r-devel-linux-x86_64-fedora-clang 1.0.5 316.85 ERROR
r-devel-linux-x86_64-fedora-gcc 1.0.5 315.20 ERROR
r-devel-windows-x86_64 1.0.5 322.00 304.00 626.00 ERROR
r-patched-linux-x86_64 1.0.5 20.62 203.62 224.24 OK
r-release-linux-x86_64 1.0.5 18.08 202.49 220.57 OK
r-release-macos-arm64 1.0.5 84.00 NOTE
r-release-macos-x86_64 1.0.5 167.00 NOTE
r-release-windows-x86_64 1.0.5 245.00 287.00 532.00 OK
r-oldrel-macos-arm64 1.0.5 103.00 NOTE
r-oldrel-macos-x86_64 1.0.5 173.00 NOTE
r-oldrel-windows-ix86+x86_64 1.0.5 35.00 262.00 297.00 OK

Check Details

Version: 1.0.5
Check: tests
Result: ERROR
     Running 'testthat.R' [46s/53s]
    Running the tests in 'tests/testthat.R' failed.
    Complete output:
     > #' Copyright(c) 2017-2020 R. Mark Sharp
     > #' This file is part of nprcgenekeepr
     > library(testthat)
     > library(nprcgenekeepr)
     > test_check("nprcgenekeepr")
     15 15
     15 15
     [ FAIL 1 | WARN 0 | SKIP 19 | PASS 747 ]
    
     == Skipped tests ===============================================================
     * On CRAN (1)
     * Sys.info()[names(Sys.info()) == "user"] == "msharp" is not TRUE (18)
    
     == Failed tests ================================================================
     -- Failure (test_getDatedFilename.R:12:3): getDatedFilename form correctly dated file name --
     stri_sub(getDatedFilename("testName"), 21) not equal to "testName".
     1/1 mismatches
     x[1]: "268802165985107_testName"
     y[1]: "testName"
    
     [ FAIL 1 | WARN 0 | SKIP 19 | PASS 747 ]
     Error: Test failures
     Execution halted
Flavor: r-devel-linux-x86_64-debian-clang

Version: 1.0.5
Check: tests
Result: ERROR
     Running ‘testthat.R’ [32s/55s]
    Running the tests in ‘tests/testthat.R’ failed.
    Complete output:
     > #' Copyright(c) 2017-2020 R. Mark Sharp
     > #' This file is part of nprcgenekeepr
     > library(testthat)
     > library(nprcgenekeepr)
     > test_check("nprcgenekeepr")
     15 15
     15 15
     [ FAIL 1 | WARN 0 | SKIP 19 | PASS 747 ]
    
     ══ Skipped tests ═══════════════════════════════════════════════════════════════
     • On CRAN (1)
     • Sys.info()[names(Sys.info()) == "user"] == "msharp" is not TRUE (18)
    
     ══ Failed tests ════════════════════════════════════════════════════════════════
     ── Failure (test_getDatedFilename.R:12:3): getDatedFilename form correctly dated file name ──
     stri_sub(getDatedFilename("testName"), 21) not equal to "testName".
     1/1 mismatches
     x[1]: "337440490722656_testName"
     y[1]: "testName"
    
     [ FAIL 1 | WARN 0 | SKIP 19 | PASS 747 ]
     Error: Test failures
     Execution halted
Flavor: r-devel-linux-x86_64-debian-gcc

Version: 1.0.5
Check: dependencies in R code
Result: NOTE
    Namespace in Imports field not imported from: ‘rlang’
     All declared Imports should be used.
Flavors: r-devel-linux-x86_64-fedora-clang, r-devel-linux-x86_64-fedora-gcc, r-release-macos-arm64, r-release-macos-x86_64, r-oldrel-macos-arm64, r-oldrel-macos-x86_64

Version: 1.0.5
Check: tests
Result: ERROR
     Running ‘testthat.R’ [58s/152s]
    Running the tests in ‘tests/testthat.R’ failed.
    Complete output:
     > #' Copyright(c) 2017-2020 R. Mark Sharp
     > #' This file is part of nprcgenekeepr
     > library(testthat)
     > library(nprcgenekeepr)
     > test_check("nprcgenekeepr")
     15 15
     15 15
     [ FAIL 1 | WARN 0 | SKIP 19 | PASS 747 ]
    
     ══ Skipped tests ═══════════════════════════════════════════════════════════════
     • On CRAN (1)
     • Sys.info()[names(Sys.info()) == "user"] == "msharp" is not TRUE (18)
    
     ══ Failed tests ════════════════════════════════════════════════════════════════
     ── Failure (test_getDatedFilename.R:12:3): getDatedFilename form correctly dated file name ──
     stri_sub(getDatedFilename("testName"), 21) not equal to "testName".
     1/1 mismatches
     x[1]: "1424400806427_testName"
     y[1]: "testName"
    
     [ FAIL 1 | WARN 0 | SKIP 19 | PASS 747 ]
     Error: Test failures
     Execution halted
Flavor: r-devel-linux-x86_64-fedora-clang

Version: 1.0.5
Check: tests
Result: ERROR
     Running ‘testthat.R’ [70s/213s]
    Running the tests in ‘tests/testthat.R’ failed.
    Complete output:
     > #' Copyright(c) 2017-2020 R. Mark Sharp
     > #' This file is part of nprcgenekeepr
     > library(testthat)
     > library(nprcgenekeepr)
     > test_check("nprcgenekeepr")
     15 15
     15 15
     [ FAIL 1 | WARN 0 | SKIP 19 | PASS 747 ]
    
     ══ Skipped tests ═══════════════════════════════════════════════════════════════
     • On CRAN (1)
     • Sys.info()[names(Sys.info()) == "user"] == "msharp" is not TRUE (18)
    
     ══ Failed tests ════════════════════════════════════════════════════════════════
     ── Failure (test_getDatedFilename.R:12:3): getDatedFilename form correctly dated file name ──
     stri_sub(getDatedFilename("testName"), 21) not equal to "testName".
     1/1 mismatches
     x[1]: "0546441078186035_testName"
     y[1]: "testName"
    
     [ FAIL 1 | WARN 0 | SKIP 19 | PASS 747 ]
     Error: Test failures
     Execution halted
Flavor: r-devel-linux-x86_64-fedora-gcc

Version: 1.0.5
Check: tests
Result: ERROR
     Running 'testthat.R' [47s]
    Running the tests in 'tests/testthat.R' failed.
    Complete output:
     > #' Copyright(c) 2017-2020 R. Mark Sharp
     > #' This file is part of nprcgenekeepr
     > library(testthat)
     > library(nprcgenekeepr)
     > test_check("nprcgenekeepr")
     15 15
     15 15
     [ FAIL 1 | WARN 0 | SKIP 19 | PASS 747 ]
    
     ══ Skipped tests ═══════════════════════════════════════════════════════════════
     • On CRAN (1)
     • Sys.info()[names(Sys.info()) == "user"] == "msharp" is not TRUE (18)
    
     ══ Failed tests ════════════════════════════════════════════════════════════════
     ── Failure (test_getDatedFilename.R:12:3): getDatedFilename form correctly dated file name ──
     stri_sub(getDatedFilename("testName"), 21) not equal to "testName".
     1/1 mismatches
     x[1]: "405834913253784_testName"
     y[1]: "testName"
    
     [ FAIL 1 | WARN 0 | SKIP 19 | PASS 747 ]
     Error: Test failures
     Execution halted
Flavor: r-devel-windows-x86_64