CRAN Package Check Results for Package nppbib

Last updated on 2024-02-21 19:53:21 CET.

Flavor Version Tinstall Tcheck Ttotal Status Flags
r-devel-linux-x86_64-debian-clang 1.2-0 NOTE
r-devel-linux-x86_64-debian-gcc 1.2-0 1.36 15.59 16.95 NOTE
r-devel-linux-x86_64-fedora-clang 1.2-0 27.57 NOTE
r-devel-linux-x86_64-fedora-gcc 1.2-0 26.08 NOTE
r-devel-windows-x86_64 1.2-0 2.00 34.00 36.00 NOTE
r-patched-linux-x86_64 1.2-0 2.05 19.72 21.77 NOTE
r-release-linux-x86_64 1.2-0 1.91 19.54 21.45 NOTE
r-release-macos-arm64 1.2-0 15.00 NOTE
r-release-macos-x86_64 1.2-0 18.00 NOTE
r-release-windows-x86_64 1.2-0 3.00 33.00 36.00 NOTE
r-oldrel-macos-arm64 1.2-0 15.00 OK
r-oldrel-windows-x86_64 1.2-0 6.00 41.00 47.00 OK

Check Details

Version: 1.2-0
Check: Rd files
Result: NOTE checkRd: (-1) nppbib.Rd:28: Escaped LaTeX specials: \# Flavors: r-devel-linux-x86_64-debian-clang, r-devel-linux-x86_64-debian-gcc, r-devel-linux-x86_64-fedora-clang, r-devel-linux-x86_64-fedora-gcc, r-devel-windows-x86_64, r-patched-linux-x86_64, r-release-linux-x86_64, r-release-macos-arm64, r-release-macos-x86_64, r-release-windows-x86_64