Last updated on 2022-08-18 20:49:48 CEST.
Flavor | Version | Tinstall | Tcheck | Ttotal | Status | Flags |
---|---|---|---|---|---|---|
r-devel-linux-x86_64-debian-clang | 4.6 | 2.68 | 28.62 | 31.30 | NOTE | |
r-devel-linux-x86_64-debian-gcc | 4.6 | 2.52 | 22.56 | 25.08 | NOTE | |
r-devel-linux-x86_64-fedora-clang | 4.6 | 49.25 | NOTE | |||
r-devel-linux-x86_64-fedora-gcc | 4.6 | 46.89 | NOTE | |||
r-devel-windows-x86_64 | 4.6 | 14.00 | 50.00 | 64.00 | NOTE | |
r-patched-linux-x86_64 | 4.6 | 3.68 | 27.61 | 31.29 | OK | |
r-release-linux-x86_64 | 4.6 | OK | ||||
r-release-macos-arm64 | 4.6 | 20.00 | OK | |||
r-release-macos-x86_64 | 4.6 | 25.00 | OK | |||
r-release-windows-x86_64 | 4.6 | 11.00 | 49.00 | 60.00 | OK | |
r-oldrel-macos-arm64 | 4.6 | 18.00 | OK | |||
r-oldrel-macos-x86_64 | 4.6 | 24.00 | OK | |||
r-oldrel-windows-ix86+x86_64 | 4.6 | 7.00 | 42.00 | 49.00 | OK |
Version: 4.6
Check: Rd files
Result: NOTE
checkRd: (-1) prepareplot.Rd:64: Escaped LaTeX specials: \#
checkRd: (-1) prepareplot.Rd:68: Escaped LaTeX specials: \#
Flavors: r-devel-linux-x86_64-debian-clang, r-devel-linux-x86_64-debian-gcc, r-devel-linux-x86_64-fedora-clang, r-devel-linux-x86_64-fedora-gcc, r-devel-windows-x86_64