CRAN Package Check Results for Package nonnest2

Last updated on 2024-02-25 07:49:54 CET.

Flavor Version Tinstall Tcheck Ttotal Status Flags
r-devel-linux-x86_64-debian-clang 0.5-6 4.56 116.99 121.55 OK
r-devel-linux-x86_64-debian-gcc 0.5-6 3.43 76.78 80.21 OK
r-devel-linux-x86_64-fedora-clang 0.5-6 131.66 OK
r-devel-linux-x86_64-fedora-gcc 0.5-6 131.44 OK
r-devel-windows-x86_64 0.5-6 4.00 106.00 110.00 OK
r-patched-linux-x86_64 0.5-6 4.89 97.17 102.06 OK
r-release-linux-x86_64 0.5-6 4.07 60.98 65.05 NOTE
r-release-macos-arm64 0.5-6 62.00 OK
r-release-macos-x86_64 0.5-6 137.00 OK
r-release-windows-x86_64 0.5-6 6.00 119.00 125.00 OK
r-oldrel-macos-arm64 0.5-6 77.00 OK
r-oldrel-windows-x86_64 0.5-6 6.00 127.00 133.00 OK

Check Details

Version: 0.5-6
Check: package dependencies
Result: NOTE Package suggested but not available for checking: ‘tidySEM’ Flavor: r-release-linux-x86_64