CRAN Package Check Results for Package nonet

Last updated on 2022-11-16 08:02:58 CET.

Flavor Version Tinstall Tcheck Ttotal Status Flags
r-devel-linux-x86_64-debian-clang 0.4.0 OK
r-devel-linux-x86_64-debian-gcc 0.4.0 15.85 215.82 231.67 OK
r-devel-linux-x86_64-fedora-clang 0.4.0 372.98 NOTE
r-devel-linux-x86_64-fedora-gcc 0.4.0 342.65 NOTE
r-devel-windows-x86_64 0.4.0 30.00 297.00 327.00 OK
r-patched-linux-x86_64 0.4.0 19.58 254.66 274.24 OK
r-release-linux-x86_64 0.4.0 13.81 246.27 260.08 OK
r-release-macos-arm64 0.4.0 96.00 NOTE
r-release-macos-x86_64 0.4.0 159.00 NOTE
r-release-windows-x86_64 0.4.0 29.00 309.00 338.00 OK
r-oldrel-macos-arm64 0.4.0 149.00 NOTE
r-oldrel-macos-x86_64 0.4.0 198.00 NOTE
r-oldrel-windows-ix86+x86_64 0.4.0 48.00 318.00 366.00 OK

Check Details

Version: 0.4.0
Check: dependencies in R code
Result: NOTE
    Namespaces in Imports field not imported from:
     ‘dplyr’ ‘e1071’ ‘pROC’ ‘purrr’ ‘randomForest’ ‘rlang’
     All declared Imports should be used.
Flavors: r-devel-linux-x86_64-fedora-clang, r-devel-linux-x86_64-fedora-gcc, r-release-macos-arm64, r-release-macos-x86_64, r-oldrel-macos-arm64, r-oldrel-macos-x86_64