CRAN Package Check Results for Package nmaplateplot

Last updated on 2023-03-25 19:54:10 CET.

Flavor Version Tinstall Tcheck Ttotal Status Flags
r-devel-linux-x86_64-debian-clang 1.0.1 4.20 79.59 83.79 OK
r-devel-linux-x86_64-debian-gcc 1.0.1 3.28 58.65 61.93 OK
r-devel-linux-x86_64-fedora-clang 1.0.1 101.68 NOTE
r-devel-linux-x86_64-fedora-gcc 1.0.1 109.45 OK
r-patched-linux-x86_64 1.0.1 4.23 76.54 80.77 OK
r-release-linux-x86_64 1.0.1 3.11 77.12 80.23 OK
r-release-macos-arm64 1.0.1 32.00 NOTE
r-release-macos-x86_64 1.0.1 56.00 NOTE
r-release-windows-x86_64 1.0.1 23.00 113.00 136.00 NOTE
r-oldrel-macos-arm64 1.0.1 36.00 NOTE
r-oldrel-macos-x86_64 1.0.1 45.00 NOTE
r-oldrel-windows-ix86+x86_64 1.0.1 10.00 109.00 119.00 NOTE

Check Details

Version: 1.0.1
Check: installed package size
Result: NOTE
     installed size is 7.6Mb
     sub-directories of 1Mb or more:
     doc 7.4Mb
Flavors: r-devel-linux-x86_64-fedora-clang, r-release-macos-arm64, r-release-macos-x86_64, r-release-windows-x86_64, r-oldrel-macos-arm64, r-oldrel-macos-x86_64, r-oldrel-windows-ix86+x86_64