Last updated on 2023-12-01 07:50:12 CET.
Flavor | Version | Tinstall | Tcheck | Ttotal | Status | Flags |
---|---|---|---|---|---|---|
r-devel-linux-x86_64-debian-clang | 1.0.1 | 18.31 | 233.06 | 251.37 | NOTE | |
r-devel-linux-x86_64-debian-gcc | 1.0.1 | 14.87 | 173.84 | 188.71 | NOTE | |
r-devel-linux-x86_64-fedora-clang | 1.0.1 | 323.50 | OK | |||
r-devel-linux-x86_64-fedora-gcc | 1.0.1 | 319.22 | OK | |||
r-devel-windows-x86_64 | 1.0.1 | 18.00 | 186.00 | 204.00 | OK | |
r-patched-linux-x86_64 | 1.0.1 | 15.49 | 215.96 | 231.45 | OK | |
r-release-linux-x86_64 | 1.0.1 | 18.97 | 218.30 | 237.27 | OK | |
r-release-macos-arm64 | 1.0.1 | 99.00 | OK | |||
r-release-macos-x86_64 | 1.0.1 | 157.00 | OK | |||
r-release-windows-x86_64 | 1.0.1 | 24.00 | 227.00 | 251.00 | OK | |
r-oldrel-macos-arm64 | 1.0.1 | 91.00 | OK | |||
r-oldrel-macos-x86_64 | 1.0.1 | 148.00 | OK | |||
r-oldrel-windows-x86_64 | 1.0.1 | 24.00 | 226.00 | 250.00 | OK |
Version: 1.0.1
Check: Rd files
Result: NOTE
checkRd: (-1) dot-make_long_data.Rd:44: Lost braces; missing escapes or markup?
44 | training sample), psi (the value of this observations Psihat(P_{n,B_n}^0)),
| ^
checkRd: (-1) dot-make_long_data_nested_cv.Rd:49: Lost braces; missing escapes or markup?
49 | training sample), psi (the value of this observations Psihat(P_{n,B_n}^0)),
| ^
Flavors: r-devel-linux-x86_64-debian-clang, r-devel-linux-x86_64-debian-gcc