Last updated on 2023-04-01 08:55:47 CEST.
Flavor | Version | Tinstall | Tcheck | Ttotal | Status | Flags |
---|---|---|---|---|---|---|
r-devel-linux-x86_64-debian-clang | 0.6.2 | 5.94 | 58.79 | 64.73 | NOTE | |
r-devel-linux-x86_64-debian-gcc | 0.6.2 | 4.68 | 43.95 | 48.63 | NOTE | |
r-devel-linux-x86_64-fedora-clang | 0.6.2 | 79.23 | NOTE | |||
r-devel-linux-x86_64-fedora-gcc | 0.6.2 | 75.53 | NOTE | |||
r-devel-windows-x86_64 | 0.6.2 | 12.00 | 0.00 | 12.00 | NOTE | |
r-patched-linux-x86_64 | 0.6.2 | 4.32 | 54.25 | 58.57 | NOTE | |
r-release-linux-x86_64 | 0.6.2 | 7.33 | 56.60 | 63.93 | NOTE | |
r-release-macos-arm64 | 0.6.2 | 27.00 | NOTE | |||
r-release-macos-x86_64 | 0.6.2 | 46.00 | NOTE | |||
r-release-windows-x86_64 | 0.6.2 | 12.00 | 94.00 | 106.00 | NOTE | |
r-oldrel-macos-arm64 | 0.6.2 | 31.00 | NOTE | |||
r-oldrel-macos-x86_64 | 0.6.2 | 40.00 | NOTE | |||
r-oldrel-windows-ix86+x86_64 | 0.6.2 | 15.00 | 88.00 | 103.00 | NOTE |
Version: 0.6.2
Check: LazyData
Result: NOTE
'LazyData' is specified without a 'data' directory
Flavors: r-devel-linux-x86_64-debian-clang, r-devel-linux-x86_64-debian-gcc, r-devel-linux-x86_64-fedora-clang, r-devel-linux-x86_64-fedora-gcc, r-devel-windows-x86_64, r-patched-linux-x86_64, r-release-linux-x86_64, r-release-macos-arm64, r-release-macos-x86_64, r-release-windows-x86_64, r-oldrel-macos-arm64, r-oldrel-macos-x86_64, r-oldrel-windows-ix86+x86_64