CRAN Package Check Results for Package nbfar

Last updated on 2022-09-27 08:53:22 CEST.

Flavor Version Tinstall Tcheck Ttotal Status Flags
r-devel-linux-x86_64-debian-clang 0.1 65.20 86.29 151.49 OK
r-devel-linux-x86_64-debian-gcc 0.1 58.82 66.21 125.03 OK
r-devel-linux-x86_64-fedora-clang 0.1 211.03 NOTE
r-devel-linux-x86_64-fedora-gcc 0.1 221.60 NOTE
r-devel-windows-x86_64 0.1 50.00 134.00 184.00 OK
r-patched-linux-x86_64 0.1 56.90 83.45 140.35 OK
r-release-linux-x86_64 0.1 70.19 82.95 153.14 OK
r-release-macos-arm64 0.1 54.00 NOTE
r-release-macos-x86_64 0.1 99.00 NOTE
r-release-windows-x86_64 0.1 52.00 135.00 187.00 OK
r-oldrel-macos-arm64 0.1 46.00 NOTE
r-oldrel-macos-x86_64 0.1 70.00 NOTE
r-oldrel-windows-ix86+x86_64 0.1 151.00 156.00 307.00 OK

Check Details

Version: 0.1
Check: dependencies in R code
Result: NOTE
    Namespaces in Imports field not imported from:
     ‘glmnet’ ‘rrpack’
     All declared Imports should be used.
Flavors: r-devel-linux-x86_64-fedora-clang, r-devel-linux-x86_64-fedora-gcc, r-release-macos-arm64, r-release-macos-x86_64, r-oldrel-macos-arm64, r-oldrel-macos-x86_64

Version: 0.1
Check: installed package size
Result: NOTE
     installed size is 6.8Mb
     sub-directories of 1Mb or more:
     libs 6.5Mb
Flavors: r-release-macos-arm64, r-release-macos-x86_64, r-oldrel-macos-arm64, r-oldrel-macos-x86_64