Last updated on 2023-03-25 19:54:09 CET.
Flavor | Version | Tinstall | Tcheck | Ttotal | Status | Flags |
---|---|---|---|---|---|---|
r-devel-linux-x86_64-debian-clang | 0.5.0 | 7.70 | 135.18 | 142.88 | OK | |
r-devel-linux-x86_64-debian-gcc | 0.5.0 | 6.14 | 101.24 | 107.38 | OK | |
r-devel-linux-x86_64-fedora-clang | 0.5.0 | 179.47 | NOTE | |||
r-devel-linux-x86_64-fedora-gcc | 0.5.0 | 180.52 | NOTE | |||
r-patched-linux-x86_64 | 0.5.0 | 6.79 | 133.36 | 140.15 | OK | |
r-release-linux-x86_64 | 0.5.0 | 5.99 | 130.18 | 136.17 | OK | |
r-release-macos-arm64 | 0.5.0 | 44.00 | NOTE | |||
r-release-macos-x86_64 | 0.5.0 | 76.00 | NOTE | |||
r-release-windows-x86_64 | 0.5.0 | 32.00 | 184.00 | 216.00 | OK | |
r-oldrel-macos-arm64 | 0.5.0 | 48.00 | NOTE | |||
r-oldrel-macos-x86_64 | 0.5.0 | 77.00 | NOTE | |||
r-oldrel-windows-ix86+x86_64 | 0.5.0 | 18.00 | 162.00 | 180.00 | OK |
Version: 0.5.0
Check: data for non-ASCII characters
Result: NOTE
Note: found 5 marked Latin-1 strings
Note: found 7187 marked UTF-8 strings
Flavors: r-devel-linux-x86_64-fedora-clang, r-devel-linux-x86_64-fedora-gcc, r-release-macos-arm64, r-release-macos-x86_64, r-oldrel-macos-arm64, r-oldrel-macos-x86_64