CRAN Package Check Results for Package nat.utils

Last updated on 2022-09-28 08:51:24 CEST.

Flavor Version Tinstall Tcheck Ttotal Status Flags
r-devel-linux-x86_64-debian-clang 0.5.1 1.89 25.45 27.34 OK
r-devel-linux-x86_64-debian-gcc 0.5.1 1.84 19.76 21.60 OK
r-devel-linux-x86_64-fedora-clang 0.5.1 46.52 OK
r-devel-linux-x86_64-fedora-gcc 0.5.1 45.22 OK
r-devel-windows-x86_64 0.5.1 16.00 59.00 75.00 ERROR
r-patched-linux-x86_64 0.5.1 2.03 24.59 26.62 OK
r-release-linux-x86_64 0.5.1 1.96 24.43 26.39 OK
r-release-macos-arm64 0.5.1 17.00 OK
r-release-macos-x86_64 0.5.1 23.00 OK
r-release-windows-x86_64 0.5.1 27.00 52.00 79.00 ERROR
r-oldrel-macos-arm64 0.5.1 20.00 OK
r-oldrel-macos-x86_64 0.5.1 36.00 OK
r-oldrel-windows-ix86+x86_64 0.5.1 6.00 49.00 55.00 OK

Check Details

Version: 0.5.1
Check: tests
Result: ERROR
     Running 'testthat.R' [5s]
    Running the tests in 'tests/testthat.R' failed.
    Complete output:
     > library(testthat)
     > test_check("nat.utils")
     Loading required package: nat.utils
     [ FAIL 1 | WARN 0 | SKIP 1 | PASS 73 ]
    
     ══ Skipped tests ═══════════════════════════════════════════════════════════════
     • touch only supported on unix platforms (1)
    
     ══ Failed tests ════════════════════════════════════════════════════════════════
     ── Failure (test-fsutils.r:79:3): common_path works ────────────────────────────
     common_path(c("/a", "/b"), normalise = T) not equal to np("/").
     1/1 mismatches
     x[1]: "d:/"
     y[1]: "D:/"
    
     [ FAIL 1 | WARN 0 | SKIP 1 | PASS 73 ]
     Error: Test failures
     Execution halted
Flavors: r-devel-windows-x86_64, r-release-windows-x86_64