Last updated on 2022-08-14 20:50:57 CEST.
Flavor | Version | Tinstall | Tcheck | Ttotal | Status | Flags |
---|---|---|---|---|---|---|
r-devel-linux-x86_64-debian-clang | 1.8.19 | 19.83 | 173.01 | 192.84 | OK | |
r-devel-linux-x86_64-debian-gcc | 1.8.19 | 14.41 | 127.59 | 142.00 | OK | |
r-devel-linux-x86_64-fedora-clang | 1.8.19 | 242.47 | NOTE | |||
r-devel-linux-x86_64-fedora-gcc | 1.8.19 | 232.14 | NOTE | |||
r-devel-windows-x86_64 | 1.8.19 | 115.00 | 212.00 | 327.00 | OK | |
r-patched-linux-x86_64 | 1.8.19 | 24.04 | 160.14 | 184.18 | OK | |
r-release-linux-x86_64 | 1.8.19 | 17.75 | 161.29 | 179.04 | OK | |
r-release-macos-arm64 | 1.8.19 | 52.00 | NOTE | |||
r-release-macos-x86_64 | 1.8.19 | 83.00 | NOTE | |||
r-release-windows-x86_64 | 1.8.19 | 115.00 | 208.00 | 323.00 | OK | |
r-oldrel-macos-arm64 | 1.8.19 | 55.00 | NOTE | |||
r-oldrel-macos-x86_64 | 1.8.19 | 82.00 | NOTE | |||
r-oldrel-windows-ix86+x86_64 | 1.8.19 | 32.00 | 197.00 | 229.00 | OK |
Version: 1.8.19
Check: for detritus in the temp directory
Result: NOTE
Found the following files/directories:
‘Crashpad’
Flavors: r-devel-linux-x86_64-fedora-clang, r-devel-linux-x86_64-fedora-gcc
Version: 1.8.19
Check: package dependencies
Result: NOTE
Package suggested but not available for checking: ‘webshot2’
Flavors: r-release-macos-arm64, r-release-macos-x86_64, r-oldrel-macos-arm64, r-oldrel-macos-x86_64