CRAN Package Check Results for Package nanotime

Last updated on 2022-10-04 20:53:45 CEST.

Flavor Version Tinstall Tcheck Ttotal Status Flags
r-devel-linux-x86_64-debian-clang 0.3.6 74.80 80.81 155.61 OK
r-devel-linux-x86_64-debian-gcc 0.3.6 66.35 61.07 127.42 OK
r-devel-linux-x86_64-fedora-clang 0.3.6 232.21 OK
r-devel-linux-x86_64-fedora-gcc 0.3.6 224.98 OK
r-devel-windows-x86_64 0.3.6 141.00 147.00 288.00 OK
r-patched-linux-x86_64 0.3.6 62.17 76.90 139.07 OK
r-release-linux-x86_64 0.3.6 70.73 76.77 147.50 OK
r-release-macos-arm64 0.3.6 61.00 OK
r-release-macos-x86_64 0.3.6 75.00 OK
r-release-windows-x86_64 0.3.6 157.00 134.00 291.00 OK
r-oldrel-macos-arm64 0.3.6 53.00 NOTE
r-oldrel-macos-x86_64 0.3.6 70.00 OK
r-oldrel-windows-ix86+x86_64 0.3.6 182.00 148.00 330.00 OK

Check Details

Version: 0.3.6
Check: installed package size
Result: NOTE
     installed size is 5.9Mb
     sub-directories of 1Mb or more:
     libs 4.9Mb
Flavor: r-oldrel-macos-arm64