CRAN Package Check Results for Package myTAI

Last updated on 2022-12-03 19:52:56 CET.

Flavor Version Tinstall Tcheck Ttotal Status Flags
r-devel-linux-x86_64-debian-clang 0.9.3 31.74 212.13 243.87 OK
r-devel-linux-x86_64-debian-gcc 0.9.3 27.00 164.64 191.64 OK
r-devel-linux-x86_64-fedora-clang 0.9.3 341.11 OK
r-devel-linux-x86_64-fedora-gcc 0.9.3 304.12 OK
r-devel-windows-x86_64 0.9.3 69.00 302.00 371.00 OK
r-patched-linux-x86_64 0.9.3 31.85 201.24 233.09 OK
r-release-linux-x86_64 0.9.3 26.98 193.83 220.81 OK
r-release-macos-arm64 0.9.3 101.00 OK
r-release-macos-x86_64 0.9.3 166.00 OK
r-release-windows-x86_64 0.9.3 62.00 303.00 365.00 OK
r-oldrel-macos-arm64 0.9.3 135.00 OK
r-oldrel-macos-x86_64 0.9.3 180.00 OK
r-oldrel-windows-ix86+x86_64 0.9.3 82.00 438.00 520.00 NOTE

Check Details

Version: 0.9.3
Check: installed package size
Result: NOTE
     installed size is 5.6Mb
     sub-directories of 1Mb or more:
     data 2.0Mb
     doc 1.1Mb
     libs 2.1Mb
Flavor: r-oldrel-windows-ix86+x86_64