CRAN Package Check Results for Package mvnormalTest

Last updated on 2025-01-14 19:48:30 CET.

Flavor Version Tinstall Tcheck Ttotal Status Flags
r-devel-linux-x86_64-debian-clang 1.0.0 7.71 96.77 104.48 NOTE
r-devel-linux-x86_64-debian-gcc 1.0.0 5.75 65.02 70.77 NOTE
r-devel-linux-x86_64-fedora-clang 1.0.0 167.35 OK
r-devel-linux-x86_64-fedora-gcc 1.0.0 159.28 OK
r-devel-windows-x86_64 1.0.0 10.00 116.00 126.00 NOTE
r-patched-linux-x86_64 1.0.0 7.59 93.31 100.90 OK
r-release-linux-x86_64 1.0.0 8.69 89.69 98.38 OK
r-release-macos-arm64 1.0.0 43.00 OK
r-release-macos-x86_64 1.0.0 84.00 OK
r-release-windows-x86_64 1.0.0 10.00 100.00 110.00 OK
r-oldrel-macos-arm64 1.0.0 46.00 OK
r-oldrel-macos-x86_64 1.0.0 83.00 OK
r-oldrel-windows-x86_64 1.0.0 12.00 127.00 139.00 OK

Check Details

Version: 1.0.0
Check: Rd cross-references
Result: NOTE Found the following Rd file(s) with Rd \link{} targets missing package anchors: mardia.Rd: mvn mhz.Rd: mvn msk.Rd: mvn msw.Rd: mvn Please provide package anchors for all Rd \link{} targets not in the package itself and the base packages. Flavors: r-devel-linux-x86_64-debian-clang, r-devel-linux-x86_64-debian-gcc, r-devel-windows-x86_64