Last updated on 2023-09-24 08:58:24 CEST.
Flavor | Version | Tinstall | Tcheck | Ttotal | Status | Flags |
---|---|---|---|---|---|---|
r-devel-linux-x86_64-debian-clang | 2.0.1 | 302.93 | 82.56 | 385.49 | OK | |
r-devel-linux-x86_64-debian-gcc | 2.0.2 | 212.00 | 73.36 | 285.36 | OK | |
r-devel-linux-x86_64-fedora-clang | 2.0.2 | 616.56 | OK | |||
r-devel-linux-x86_64-fedora-gcc | 2.0.2 | 640.07 | OK | |||
r-devel-windows-x86_64 | 2.0.2 | 226.00 | 124.00 | 350.00 | OK | |
r-patched-linux-x86_64 | 2.0.2 | 227.42 | 93.55 | 320.97 | OK | |
r-release-linux-x86_64 | 2.0.1 | 225.49 | 80.77 | 306.26 | OK | |
r-release-macos-arm64 | 2.0.1 | 143.00 | NOTE | |||
r-release-macos-x86_64 | 2.0.1 | 236.00 | NOTE | |||
r-release-windows-x86_64 | 2.0.2 | 208.00 | 148.00 | 356.00 | OK | |
r-oldrel-macos-arm64 | 2.0.1 | 99.00 | NOTE | |||
r-oldrel-macos-x86_64 | 2.0.1 | 153.00 | NOTE | |||
r-oldrel-windows-x86_64 | 2.0.1 | 285.00 | 130.00 | 415.00 | OK |
Version: 2.0.1
Check: installed package size
Result: NOTE
installed size is 13.8Mb
sub-directories of 1Mb or more:
libs 12.7Mb
Flavors: r-release-macos-arm64, r-release-macos-x86_64, r-oldrel-macos-arm64, r-oldrel-macos-x86_64