Last updated on 2023-03-22 19:53:31 CET.
Flavor | Version | Tinstall | Tcheck | Ttotal | Status | Flags |
---|---|---|---|---|---|---|
r-devel-linux-x86_64-debian-clang | 0.1.0 | 6.36 | 45.58 | 51.94 | NOTE | |
r-devel-linux-x86_64-debian-gcc | 0.1.0 | 4.70 | 34.52 | 39.22 | NOTE | |
r-devel-linux-x86_64-fedora-clang | 0.1.0 | 67.80 | NOTE | |||
r-devel-linux-x86_64-fedora-gcc | 0.1.0 | 59.63 | NOTE | |||
r-patched-linux-x86_64 | 0.1.0 | 4.54 | 44.45 | 48.99 | NOTE | |
r-release-linux-x86_64 | 0.1.0 | 4.47 | 44.48 | 48.95 | NOTE | |
r-release-macos-arm64 | 0.1.0 | 23.00 | NOTE | |||
r-release-macos-x86_64 | 0.1.0 | 39.00 | NOTE | |||
r-release-windows-x86_64 | 0.1.0 | 12.00 | 72.00 | 84.00 | NOTE | |
r-oldrel-macos-arm64 | 0.1.0 | 30.00 | NOTE | |||
r-oldrel-macos-x86_64 | 0.1.0 | 38.00 | NOTE | |||
r-oldrel-windows-ix86+x86_64 | 0.1.0 | 15.00 | 68.00 | 83.00 | NOTE |
Version: 0.1.0
Check: LazyData
Result: NOTE
'LazyData' is specified without a 'data' directory
Flavors: r-devel-linux-x86_64-debian-clang, r-devel-linux-x86_64-debian-gcc, r-devel-linux-x86_64-fedora-clang, r-devel-linux-x86_64-fedora-gcc, r-patched-linux-x86_64, r-release-linux-x86_64, r-release-macos-arm64, r-release-macos-x86_64, r-release-windows-x86_64, r-oldrel-macos-arm64, r-oldrel-macos-x86_64, r-oldrel-windows-ix86+x86_64