CRAN Package Check Results for Package momentuHMM

Last updated on 2022-10-04 20:53:44 CEST.

Flavor Version Tinstall Tcheck Ttotal Status Flags
r-devel-linux-x86_64-debian-clang 1.5.4 136.10 334.46 470.56 OK
r-devel-linux-x86_64-debian-gcc 1.5.4 106.37 236.73 343.10 OK
r-devel-linux-x86_64-fedora-clang 1.5.4 612.11 OK
r-devel-linux-x86_64-fedora-gcc 1.5.4 561.83 OK
r-devel-windows-x86_64 1.5.4 155.00 385.00 540.00 OK
r-patched-linux-x86_64 1.5.4 136.85 311.68 448.53 OK
r-release-linux-x86_64 1.5.4 95.46 311.86 407.32 OK
r-release-macos-arm64 1.5.4 213.00 NOTE
r-release-macos-x86_64 1.5.4 261.00 NOTE
r-release-windows-x86_64 1.5.4 160.00 352.00 512.00 OK
r-oldrel-macos-arm64 1.5.4 226.00 NOTE
r-oldrel-macos-x86_64 1.5.4 194.00 NOTE
r-oldrel-windows-ix86+x86_64 1.5.4 293.00 449.00 742.00 NOTE

Check Details

Version: 1.5.4
Check: installed package size
Result: NOTE
     installed size is 9.1Mb
     sub-directories of 1Mb or more:
     R 2.0Mb
     doc 1.7Mb
     libs 4.6Mb
Flavors: r-release-macos-arm64, r-release-macos-x86_64, r-oldrel-macos-arm64, r-oldrel-macos-x86_64, r-oldrel-windows-ix86+x86_64